/* This work is licensed under a Creative Commons Attribution 4.0
   International License.

   ---------------------------------------------------------------------------
   Copyright (c) 2005 - 2016 by Volker Klement, Frank Becker and Burkhardt Renz. 
   All rights reserved.
   Datenbank Literatur
   $Id: lit-create.sql 4269 2017-12-28 07:11:52Z br $
*/

/* Die Datenbank Literatur aus der Veranstaltung Datenbanksysteme
*/

BEGIN;

CREATE SCHEMA IF NOT EXISTS sqltutor_data;
SET search_path TO sqltutor_data;

DROP TABLE IF EXISTS Autor     CASCADE;
DROP TABLE IF EXISTS Buch      CASCADE;
DROP TABLE IF EXISTS BA        CASCADE;
DROP TABLE IF EXISTS Sachverz  CASCADE;
DROP TABLE IF EXISTS BS        CASCADE;


-- table Autor 
create table Autor (
  AId      integer primary key, 
  Name	   varchar (20) not null, 
  Vorname  varchar (20)
);

-- table Buch 
create table Buch (
  BId        integer primary key, 
  Titel	     varchar (80) not null, 
  Verlag     varchar (40), 
  Ort        varchar (40), 
  Jahr	     varchar (4), 
  ISBN	     varchar (13)
);

-- table BA Autorenschaft
create table BA (
  BId    integer references Buch, 
  AId    integer references Autor,
  primary key (BId, AId)
);

-- table Sachverz Sachverzeichnis
create table Sachverz (
  SId         integer primary key, 
  Schlagwort  varchar (30) not null
);

-- table BS Schlagwortzuordnung
create table BS (
  BId    integer references Buch, 
  SId    integer references Sachverz,
  primary key (BId, SId)
);

/* Inhalte
*/

-- table Autor
insert into Autor (AId, Name, Vorname) 
  values (1,'Niemann','K. D.'),
         (2,'Fritze','J.'),
         (3,'Marsch','J.'),
         (4,'Storr','D. W.'),
         (5,'Winston','P. H.'),
         (6,'Horn','B. K.'),
         (7,'Batini','C.'),
         (8,'Ceri','S.'),
         (9,'Navathe','S. B.'),
         (10,'Witt','K.-U.'),
         (11,'Vossen','G.'),
         (12,'Gray','J.'),
         (13,'Lamersdorf','W.'),
         (14,'Silberschatz','A.'),
         (15,'Galvin','P. B.'),
         (16,'Gagne','G.'),
         (17,'Weck','G.'),
         (18,'Date','C. J.'),
         (19,'Darwen','H.'),
         (20,'Hodges','A.'),
         (21,'Martiny','L.'),
         (22,'Klotz','M.'),
         (23,'Zehnder','C. A.'),
         (24,'Kaare','C.'),
         (25,'Krömer','N.'),
         (26,'Nilsson','N. J.'),
         (27,'Schlüter','M.'),
         (28,'Kudlich','H.'),
         (29,'Hvasshovd','S.-O.'),
         (30,'Matthiesen','G.'),
         (31,'Unterstein','M.'),
         (32,'Schäfer','S.'),
         (33,'Bell','D.'),
         (34,'Grimson','J'),
         (35,'Kandzia','P.'),
         (36,'Klein','H.-J.'),
         (37,'Olle','T. W.'),
         (38,'Meier','A.'),
         (39,'Codd','E. F.'),
         (40,'Schlageter','G.'),
         (41,'Stucky','W.'),
         (42,'Lockemann','P. C.'),
         (43,'Lang','S. M.'),
         (44,'Larson','J. A.'),
         (45,'White','C. J.'),
         (46,'van der Lans','R. F.'),
         (47,'Schicker','E.'),
         (48,'Misgeld','W. D.'),
         (49,'Hughes','J. G.'),
         (50,'Gross-Hardt','M.'),
         (51,'Connolly','T. M.'),
         (52,'Begg','C. E.'),
         (53,'Elmasri','R.'),
         (54,'Garcia-Molina','H.'),
         (55,'Ullman','J. D.'),
         (56,'Widom','J.'),
         (57,'Kifer','M.'),
         (58,'Bernstein','A.'),
         (59,'Lewis','P. M.'),
         (60,'Schubert','M.'),
         (61,'Korth','H. F.'),
         (62,'Sudarshan','S.'),
         (63,'Hellerstein','J. M.'),
         (64,'Stonebraker','M.'),
         (65,'Saake','G.'),
         (66,'Sattler','K.-U.'),
         (67,'Schneider','M.'),
         (68,'Studer', 'T.'),
         (998,'Klement','V'),
         (999,'Klement','V');


-- table Buch
insert into Buch (BId, Titel, Verlag, Ort, Jahr, ISBN) 
  values (1,'Client/Server-Architektur','Vieweg','Wiesbaden','1996','3-528-05466-2'),
         (2,'SQL: Eine praxisorientierte Einführung','Vieweg','Wiesbaden','1995','3-528-25210-3'),
         (3,'Effizienter DB-Einsatz von ADABAS','Vieweg','Wiesbaden','1995','3-528-15289-3'),
         (4,'LISP','Addison-Wesley','Reading','1988','0-201-08319-1'),
         (5,'Conceptual Database Design: An Entity-Relationship Approach','Addison-Wesley','Reading','1991','0-8053-0244-1'),
         (6,'Das SQL/DS-Handbuch','Addison-Wesley','Bonn','1988','3-925-11895-0'),
         (7,'Das Benchmark-Handbuch','Vieweg','Wiesbaden','1995','3-528-05236-8'),
         (8,'Datenbanken in verteilten Systemen','Vieweg','Wiesbaden','1994','3-528-05467-0'),
         (9,'Operating System Concepts','Wiley','Hoboken','2009','0-470-23399-3'),
         (10,'Prinzipien und Realisierung von Betriebssystemen','Teubner','Stuttgart','1985','3-519-12358-4'),
         (11,'A Guide To SQL Standard','Addison-Wesley','Reading','1996','0-201-96246-4'),
         (12,'Alan Turing, Enigma','Springer','Wien','1994','3-211-82627-0'),
         (13,'Strategisches Informationsmanagement','Oldenbourg','München','1989','3-486-20696-6'),
         (14,'Informationssysteme und Datenbanken','Teubner','Stuttgart','1989','3-519-22480-1'),
         (15,'UNIX: Eine Einführung','Vieweg','Braunschweig','1988','3-528-04308-3'),
         (16,'Datenmodelle, Datenbanksprachen und Datenbankmanagementsysteme','Addison-Wesley','Bonn','2000','3-486253-39-5'),
         (17,'Datenbanken und Informationssysteme','Gehlen','Baden-Baden','1976',null),
         (18,'Principles of Artificial Intelligence','Springer','Berlin','1982','3-540-11340-1'),
         (19,'Einführung in die Programmierung mit NATURAL','de Gruyter','Berlin','1992','3-11-013509-4'),
         (20,'Verteilte Datenbanken: Systemkonzepte und Produkte','Siemens','Berlin','1992',null),
         (21,'Recovery in Parallel Database Systems','Vieweg','Wiesbaden','1995','3-528-05411-5'),
         (22,'Das DB2-Handbuch','Addison-Wesley','München','2001','3-89319-175-5'),
         (23,'Relationale Datenbanksysteme','Addison-Wesley','Bonn','2007','3-82732-656-0'),
         (24,'Objektorientierte Entwurfsmethoden','Addison-Wesley','Bonn','1997','3-89319-692-7'),
	 (25,'Distributed Database Systems','Addison-Wesley','Reading','1992','0-201-54400-8'),
	 (26,'Theoretische Grundlagen relationaler Datenbanksysteme','BI','Mannheim','1993','3-411-14891-8'),
	 (27,'Das Codasyl-Datenbankmodell','Springer','Berlin','1981','3.540.10669-3'),
	 (28,'Relationale Datenbanken','Springer','Berlin','2001','3-540-57486-7'),
	 (29,'The Relational Model for Database Management','Addison-Wesley','Reading','1990','0-201-12192-2'),
	 (30,'Datenbanksysteme: Konzepte und Modelle','Teubner','Stuttgart','1983','3-519-12339-8'),
	 (31,'An Introduction to Database Systems','Addison-Wesley','Reading','2003','0-321-19784-4'),
	 (32,'Datenbankeinsatz','Springer','Berlin','1995','3-540-58558-3'),
	 (33,'Database Directions','Prentice Hall','Upper Saddle River','1995','0-13-290867-0'),
	 (34,'A Guide to DB2','Addison-Wesley','Reading','1992','0-201-55821-1'),
	 (35,'SQL: Der ISO-Standard','Hanser','München','1990','3-446-15849-9'),
	 (36,'SQL: Eine praxisorientierte Einführung','Teubner','Stuttgart','2000','3-519-22991-0'),
	 (37,'SQL: Einstieg und Anwendung','Hanser','München','2001','3-446-18260-8'),
	 (38,'Objektorientierte Datenbanken','Hanser','München','1992','3-446-16583-5'),
	 (39,'Grundlagen der Transaktionsverarbeitung','Addison-Wesley','Bonn','1993','3-89319-576-9'),
	 (40,'Database Systems: A Practical Approach to Design, Implementation and Management','Prentice Hall', 'Upper Saddle River','2009','0-321-52306-7'),
	 (41,'Logic and Database: The Roots of Relational Theory','Trafford Publishing', 'Victoria','2007','1-42512-290-6'),
	 (42,'SQL and Relational Theory: How to Write Accurate SQL Code','O''Reilly', 'Sebastopol','2009','0-596-52306-8'),
	 (43,'Grundlagen von Datenbanksystemen: Bachelorausgabe','Pearson Studium', 'München','2009','3-868-94012-X'),
	 (44,'Fundamentals of Database Systems','Addison-Wesley', 'Reading','2010','0-136-08620-9'),
	 (45,'Database Systems: The Complete Book','Prentice Hall', 'Upper Saddle River','2008','0-131-87325-3'),
	 (46,'Database Systems: An Application-oriented Approach','Addison-Wesley', 'Reading','2005','0-321-26845-7'),
	 (47,'Datenbanken: Theorie, Entwurf und Programmierung relationaler Datenbanken', 'Teubner', 'Wiesbaden','2007','3-835-10163-3'),
	 (48,'Database System Concepts', 'McGraw Hill',null,'2010','0-073-52332-3'),
	 (49,'Databases, Types, and the Relational Model: The Third Manifesto', 'Addison-Wesley Longman','Reading','2006', '0-321-39942-0'),
	 (50,'Readings in Database Systems', 'The MIT Press','Cambridge, MA','2005', '0-262-69314-3'),
	 (51,'Datenbanken und Java', 'dpunkt Verlag','Heidelberg','2003', '3-898-64228-3'),
	 (52,'Implementierungskonzepte für Datenbanksysteme', 'Springer','Berlin', '2004', '3-540-41962-4'),
	 (53, 'Relationale Datenbanken', 'Springer Vieweg', 'Berlin', '2016', '3-662-46570-7');

-- table Sachverz
insert into Sachverz (SId, Schlagwort) 
  values (1,'ADABAS'),
         (2,'Benchmark'),
         (3,'Betriebssystem'),
         (4,'Client-Server'),
         (5,'CODASYL'),
         (6,'Datenbanken'),
         (7,'Datenbankentwurf'),
         (8,'Datenbanksystem'),
         (9,'DB2'),
         (10,'Enigma'),
         (11,'Entity-Relationship'),
         (12,'Informationssystem'),
         (13,'Datenmodell'),
         (14,'Künstliche Intelligenz'),
         (15,'LISP'),
         (16,'NATURAL'),
         (17,'Objektorientierung'),
         (18,'Objektorientierte Datenbank'),
         (19,'Parallele Datenbank'),
         (20,'Recovery'),
         (21,'Relationales Modell'),
         (22,'Softwarearchitektur'),
         (23,'SQL'),
         (24,'Transaktion'),
         (25,'Turing'),
         (26,'UNIX'),
         (27,'Verteilte Datenbank'),
         (28,'World Wide Web'),
         (29,'Logik'),
         (30,'Java');

-- table BA
insert into BA (BId, AId) 
  values (1,1),
         (2,2), (2,3),
         (3,4),
         (4,5), (4,6),
         (5,7), (5,8), (5,9),
         (6,10), (6,11),
         (7,12),
         (8,13),
         (9,14), (9,15), (9,16),
         (10,17),
         (11,18), (11,19),
         (12,20),
         (13,21), (13,22),
         (14,23),
         (15,24),
         (16,11),
         (17,25),
         (18,26),
         (19,27),
         (20,28),
         (21,29),
         (22,11), (22,10),
         (23,30), (23,31),
         (24,32),
         (25,33),
         (25,34),
         (26,35), (26,36),
         (27,37),
         (28,38),
         (29,39),
         (30,40), (30,41),
         (31,18),
         (32,42), (32,43),
         (33,44),
         (34,18), (34,45),
         (35,46),
         (36,47),
         (37,48),
         (38,49),
         (39,11), (39,50),
         (40,51), (40,52),
         (41,18),
         (42,18),
         (43,9), (43,53),
         (44,9), (44,53),
         (45,54), (45,55), (45,56),
         (46,57), (46,58), (46,59),
         (47,60),
         (48,14), (48,61), (48,62),
         (49,18), (49,19),
         (50,63), (50,64),
         (51,65), (51,66),
         (52,67),
         (53,68);

-- table BS
insert into BS (BId, SId) 
  values (1,4), (1,22),
         (2,23),
         (3,1),
         (4,15),
         (5,7), (5,11),
         (6,23),
         (7,2),
         (8,27),
         (9,3),
         (10,3),
         (11,23),
         (12,25), (12,10),
         (13,12),
         (14,12), (14,6),
         (15,26),
         (16,13), (16,6),
         (17,6), (17,12),
         (18,14),
         (19,16),
         (20,27),
         (21,20), (21,19),
         (22,9),
         (23,21),
         (24,17),
         (25,27),
         (26,21),
         (27,5),
         (28,21),
         (29,21),
         (30,8), (30,6),
         (31,8), (31,6),
         (32,6),
         (33,6),
         (34,9),
         (35,23),
         (36,23),
         (37,23),
         (38,18),
         (39,24),
         (40,6), (40,7), (40,8),
         (41,21), (41,29),
         (42,21), (42,23),
         (43,6), (43,7), (43,8),
         (44,6), (44,7), (44,8),
         (45,6), (45,7), (45,8),
         (46,6), (46,7), (46,8),
         (47,6), (47,7), (47,8),
         (48,6), (48,7), (48,8),
         (49,21),
         (50,8), (50,20), (50,24), (50,27),
         (51,6), (51,30),
         (52,6),
         (53,6), (53,7), (53,8), (53,21), (53,23), (53,24);

COMMIT;				
