/*
   This file is public domain.

   The data is a matter of public record, and comes from
   http://hydro.chmi.cz/hpps/op_list.php
 */


SET search_path TO sqltutor_data;

BEGIN;

DROP TABLE IF EXISTS toky      CASCADE;
DROP TABLE IF EXISTS stanice   CASCADE;
DROP TABLE IF EXISTS cleneni   CASCADE;
DROP TABLE IF EXISTS limity_cm CASCADE;
DROP TABLE IF EXISTS vodocty   CASCADE;


CREATE TABLE toky (
    id integer NOT NULL,
    jmeno character varying(30)
);


INSERT INTO toky (id, jmeno) VALUES
   (176, 'Berounka'),
   (161, 'Bečva'),
   (114, 'Blanice'),
   (164, 'Brodečka'),
   (193, 'Brtnice'),
   (190, 'Bílina'),
   (156, 'Bělá'),
   (187, 'Chotýšanka'),
   (168, 'Chrudimka'),
   (139, 'Cidlina'),
   (157, 'Desná'),
   (135, 'Divoká Orlice'),
   (180, 'Doubrava'),
   (119, 'Dyje'),
   (138, 'Dědina'),
   (196, 'Dřevnice'),
   (163, 'Hloučela'),
   (121, 'Jevišovka'),
   (126, 'Jihlava'),
   (142, 'Jizera'),
   (143, 'Jizerka'),
   (144, 'Kamenice'),
   (178, 'Klabava'),
   (184, 'Kocába'),
   (170, 'Křemelná'),
   (131, 'Labe'),
   (189, 'Litavka'),
   (115, 'Lomnice'),
   (154, 'Lomná'),
   (122, 'Loučka/Bobrůvka'),
   (166, 'Loučná'),
   (148, 'Lubina'),
   (145, 'Lužická Nisa'),
   (108, 'Lužnice'),
   (106, 'Malše'),
   (183, 'Mastník'),
   (133, 'Metuje'),
   (118, 'Morava'),
   (151, 'Moravice'),
   (117, 'Moravská Dyje'),
   (158, 'Moravská Sázava'),
   (181, 'Mrlina'),
   (172, 'Mže'),
   (109, 'Nežárka'),
   (167, 'Novohradka'),
   (147, 'Odra'),
   (127, 'Ohře'),
   (197, 'Olšava'),
   (153, 'Olše'),
   (149, 'Opava'),
   (150, 'Opavice'),
   (137, 'Orlice'),
   (160, 'Oskava'),
   (125, 'Oslava'),
   (155, 'Osoblaha'),
   (152, 'Ostravice'),
   (171, 'Ostružná'),
   (111, 'Otava'),
   (141, 'Ploučnice'),
   (104, 'Polečnice'),
   (174, 'Radbuza'),
   (129, 'Rolava'),
   (162, 'Romže (Valová)'),
   (195, 'Rožnovská Bečva'),
   (116, 'Skalice'),
   (110, 'Smutná (Cedron)'),
   (146, 'Smědá'),
   (112, 'Spůlka'),
   (107, 'Stropnice'),
   (103, 'Studená Vltava'),
   (140, 'Stěnava'),
   (179, 'Střela'),
   (128, 'Svatava'),
   (124, 'Svitava'),
   (123, 'Svratka'),
   (185, 'Sázava'),
   (192, 'Sázavka'),
   (130, 'Teplá'),
   (102, 'Teplá Vltava'),
   (136, 'Tichá Orlice'),
   (165, 'Třebovka'),
   (159, 'Třebůvka'),
   (101, 'Vltava'),
   (113, 'Volyňka'),
   (194, 'Vsetínská Bečva'),
   (169, 'Vydra'),
   (182, 'Výrovka'),
   (134, 'Zdobnice'),
   (175, 'Úhlava'),
   (132, 'Úpa'),
   (177, 'Úslava'),
   (173, 'Úterský potok'),
   (105, 'Černá'),
   (188, 'Červený potok'),
   (191, 'Šlapanka'),
   (120, 'Želetavka'),
   (186, 'Želivka');


ALTER TABLE ONLY toky
    ADD CONSTRAINT toky_pkey PRIMARY KEY (id);


CREATE TABLE stanice (
    id integer NOT NULL,
    nazev character varying(30)
);


INSERT INTO stanice (id, nazev) VALUES
   (1148, 'Bakov nad Jizerou'),
   (1183, 'Batelov'),
   (1024, 'Bechyně'),
   (1173, 'Benešov nad Ploučnicí'),
   (1166, 'Beroun'),
   (1028, 'Blanický mlýn'),
   (1026, 'Bohumilice'),
   (1096, 'Bohumín'),
   (1078, 'Bohuňovsko-Jesenný'),
   (1042, 'Božice'),
   (1150, 'Brandýs nad Labem'),
   (1092, 'Branka u Opavy'),
   (1186, 'Bransouze'),
   (1045, 'Brno - Poříčí'),
   (1185, 'Brtnice'),
   (1047, 'Bílovice nad Svitavou'),
   (1136, 'Bílá Hora'),
   (1083, 'Bílý Potok'),
   (1009, 'Březí'),
   (1118, 'Cerekvice nad Loučnou'),
   (1005, 'Chlum'),
   (1176, 'Chlístov'),
   (1068, 'Chábory'),
   (1181, 'Dalečín'),
   (1111, 'Dluhonice'),
   (1115, 'Dolní Libchavy'),
   (1043, 'Dolní Loučky'),
   (1033, 'Dolní Ostrovec'),
   (1077, 'Dolní Sytová'),
   (1076, 'Dolní Štěpanice'),
   (1184, 'Dvorce'),
   (1093, 'Děhylov'),
   (1197, 'Děčín'),
   (1018, 'Frahelž'),
   (1084, 'Frýdlant'),
   (1021, 'Hamr'),
   (1031, 'Heřmaň'),
   (1059, 'Horní Maršov'),
   (1165, 'Hořovice'),
   (1139, 'Hrádek'),
   (1082, 'Hrádek nad Nisou'),
   (1030, 'Husinec'),
   (1116, 'Hylváty'),
   (1174, 'Hřensko - Labe'),
   (1050, 'Ivančice'),
   (1075, 'Jablonec nad Jizerou'),
   (1097, 'Jablunkov'),
   (1035, 'Janov'),
   (1061, 'Jaroměř'),
   (1180, 'Jemnice'),
   (1070, 'Jičín'),
   (1177, 'Josefodol'),
   (1089, 'Karlovice'),
   (1057, 'Karlovy Vary - Drahovice'),
   (1025, 'Katovice'),
   (1022, 'Klenovice'),
   (1127, 'Kolinec'),
   (1151, 'Kostelec nad Labem'),
   (1065, 'Kostelec nad Orlicí'),
   (1138, 'Koterov'),
   (1090, 'Krnov'),
   (1191, 'Kroměříž'),
   (1063, 'Krčín'),
   (1157, 'Kácov'),
   (1052, 'Ladná'),
   (1004, 'Lenora'),
   (1046, 'Letovice'),
   (1133, 'Lhota'),
   (1081, 'Liberec'),
   (1160, 'Libež'),
   (1142, 'Liblín'),
   (1010, 'Ličov'),
   (1170, 'Louny'),
   (1158, 'Louňovice pod Blaníkem'),
   (1107, 'Loštice'),
   (1105, 'Lupěné'),
   (1020, 'Lásenice'),
   (1062, 'Maršov nad Metují'),
   (1072, 'Meziměstí'),
   (1101, 'Mikulovice'),
   (1074, 'Mimoň'),
   (1069, 'Mitrov'),
   (1123, 'Modrava'),
   (1106, 'Moravičany'),
   (1175, 'Mírovka'),
   (1169, 'Mělník'),
   (1120, 'Nemošice'),
   (1155, 'Nesměřice'),
   (1162, 'Nespeky'),
   (1140, 'Nová Huť'),
   (1016, 'Nová Ves nad Lužnicí'),
   (1071, 'Nový Bydžov'),
   (1146, 'Nymburk'),
   (1117, 'Němčice'),
   (1027, 'Němětice'),
   (1086, 'Odry'),
   (1109, 'Olomouc - Nové Sady'),
   (1091, 'Opava'),
   (1049, 'Oslavany'),
   (1100, 'Osoblaha'),
   (1095, 'Ostrava'),
   (1114, 'Otaslavice'),
   (1073, 'Otovice'),
   (1013, 'Pašinovice'),
   (1087, 'Petřvald'),
   (1017, 'Pilař'),
   (1141, 'Plasy'),
   (1147, 'Plaňany'),
   (1029, 'Podedvory'),
   (1037, 'Podhradí nad Dyjí'),
   (1011, 'Pořešín'),
   (1002, 'Praha - Chuchle'),
   (1003, 'Praha - Na Františku'),
   (1032, 'Písek'),
   (1085, 'Předlánce'),
   (1149, 'Předměřice nad Jizerou'),
   (1121, 'Přelouč'),
   (1196, 'Raabs'),
   (1161, 'Radonice I'),
   (1152, 'Radíč'),
   (1023, 'Rataje'),
   (1103, 'Raškov'),
   (1125, 'Rejštejn'),
   (1019, 'Rodvínov'),
   (1014, 'Roudné'),
   (1122, 'Rozhraní'),
   (1195, 'Schwarzenau'),
   (1064, 'Slatina nad Zdobnicí'),
   (1159, 'Slověnice'),
   (1156, 'Soutice'),
   (1193, 'Spytihněv'),
   (1167, 'Srbsko'),
   (1055, 'Stará Role'),
   (1132, 'Staňkov'),
   (1124, 'Stodůlky'),
   (1112, 'Stražisko'),
   (1036, 'Strážnice'),
   (1128, 'Stříbro'),
   (1126, 'Sušice'),
   (1054, 'Svatava'),
   (1094, 'Sviadnov'),
   (1088, 'Svinov'),
   (1178, 'Světlá nad Sázavou'),
   (1144, 'Sány'),
   (1134, 'Tajanov'),
   (1131, 'Tasnovice'),
   (1110, 'Teplice nad Bečvou'),
   (1172, 'Trmice'),
   (1129, 'Trpísty'),
   (1041, 'Trávní Dvůr'),
   (1067, 'Týniště nad Orlicí'),
   (1187, 'Třebíč - Ptáčov'),
   (1194, 'Uherský Brod'),
   (1108, 'Uničov'),
   (1056, 'VD Březová'),
   (1130, 'VD Hracholusky'),
   (1188, 'VD Mohelno'),
   (1051, 'VD Nové Mlýny'),
   (1113, 'VD Plumlov'),
   (1053, 'VD Skalka'),
   (1163, 'VD Vrané'),
   (1182, 'VD Vír'),
   (1040, 'VD Znojmo'),
   (1190, 'Valašské Meziříčí'),
   (1034, 'Varvažov'),
   (1145, 'Vestec'),
   (1058, 'Vestřev'),
   (1044, 'Veverská Bítýška'),
   (1102, 'Vlaské'),
   (1039, 'Vranov - Hamry'),
   (1168, 'Vraňany'),
   (1189, 'Vsetín'),
   (1038, 'Vysočany'),
   (1007, 'Vyšší Brod'),
   (1099, 'Věřňovice'),
   (1164, 'Zbečno'),
   (1001, 'Zbraslav'),
   (1192, 'Zlín'),
   (1154, 'Zruč nad Sázavou'),
   (1119, 'Úhřetice'),
   (1171, 'Ústí nad Labem'),
   (1066, 'Čermná nad Orlicí'),
   (1006, 'Černý Kříž'),
   (1080, 'Česká Lípa'),
   (1060, 'Česká Skalice'),
   (1015, 'České Budějovice'),
   (1008, 'Český Krumlov'),
   (1098, 'Český Těšín'),
   (1012, 'Římov'),
   (1153, 'Štěchovice'),
   (1135, 'Štěnovice'),
   (1104, 'Šumperk'),
   (1137, 'Ždírec'),
   (1079, 'Železný Brod'),
   (1179, 'Želiv'),
   (1048, 'Židlochovice'),
   (1143, 'Žleby');

ALTER TABLE ONLY stanice
    ADD CONSTRAINT stanice_pkey PRIMARY KEY (id);


CREATE TABLE cleneni (
    tok_id integer,
    stanice_id integer,
    kraj character varying(31),
    pobocka character varying(32),
    povodi character varying(33)
);


INSERT INTO cleneni (tok_id, stanice_id, kraj, pobocka, povodi) VALUES
   (101, 1001, 'Hlavní město Praha', 'Praha', 'Dolní Vltava'),
   (101, 1002, 'Hlavní město Praha', 'Praha', 'Dolní Vltava'),
   (101, 1003, 'Hlavní město Praha', 'Praha', 'Dolní Vltava'),
   (101, 1007, 'Jihočeský kraj', 'České Budějovice', 'Horní Vltava'),
   (101, 1009, 'Jihočeský kraj', 'České Budějovice', 'Horní Vltava'),
   (101, 1015, 'Jihočeský kraj', 'České Budějovice', 'Horní Vltava'),
   (101, 1163, 'Středočeský kraj', 'Praha', 'Dolní Vltava'),
   (101, 1168, 'Středočeský kraj', 'Praha', 'Dolní Vltava'),
   (102, 1004, 'Jihočeský kraj', 'České Budějovice', 'Horní Vltava'),
   (102, 1005, 'Jihočeský kraj', 'České Budějovice', 'Horní Vltava'),
   (103, 1006, 'Jihočeský kraj', 'České Budějovice', 'Horní Vltava'),
   (104, 1008, 'Jihočeský kraj', 'České Budějovice', 'Horní Vltava'),
   (105, 1010, 'Jihočeský kraj', 'České Budějovice', 'Horní Vltava'),
   (106, 1011, 'Jihočeský kraj', 'České Budějovice', 'Horní Vltava'),
   (106, 1012, 'Jihočeský kraj', 'České Budějovice', 'Horní Vltava'),
   (106, 1014, 'Jihočeský kraj', 'České Budějovice', 'Horní Vltava'),
   (107, 1013, 'Jihočeský kraj', 'České Budějovice', 'Horní Vltava'),
   (108, 1016, 'Jihočeský kraj', 'České Budějovice', 'Horní Vltava'),
   (108, 1017, 'Jihočeský kraj', 'České Budějovice', 'Horní Vltava'),
   (108, 1018, 'Jihočeský kraj', 'České Budějovice', 'Horní Vltava'),
   (108, 1022, 'Jihočeský kraj', 'České Budějovice', 'Horní Vltava'),
   (108, 1024, 'Jihočeský kraj', 'České Budějovice', 'Horní Vltava'),
   (109, 1019, 'Jihočeský kraj', 'České Budějovice', 'Horní Vltava'),
   (109, 1020, 'Jihočeský kraj', 'České Budějovice', 'Horní Vltava'),
   (109, 1021, 'Jihočeský kraj', 'České Budějovice', 'Horní Vltava'),
   (110, 1023, 'Jihočeský kraj', 'České Budějovice', 'Horní Vltava'),
   (111, 1025, 'Jihočeský kraj', 'České Budějovice', 'Horní Vltava'),
   (111, 1032, 'Jihočeský kraj', 'České Budějovice', 'Horní Vltava'),
   (111, 1125, 'Plzeňský kraj', 'České Budějovice', 'Horní Vltava'),
   (111, 1126, 'Plzeňský kraj', 'České Budějovice', 'Horní Vltava'),
   (112, 1026, 'Jihočeský kraj', 'České Budějovice', 'Horní Vltava'),
   (113, 1027, 'Jihočeský kraj', 'České Budějovice', 'Horní Vltava'),
   (114, 1028, 'Jihočeský kraj', 'České Budějovice', 'Horní Vltava'),
   (114, 1029, 'Jihočeský kraj', 'České Budějovice', 'Horní Vltava'),
   (114, 1030, 'Jihočeský kraj', 'České Budějovice', 'Horní Vltava'),
   (114, 1031, 'Jihočeský kraj', 'České Budějovice', 'Horní Vltava'),
   (114, 1158, 'Středočeský kraj', 'Praha', 'Dolní Vltava'),
   (114, 1161, 'Středočeský kraj', 'Praha', 'Dolní Vltava'),
   (115, 1033, 'Jihočeský kraj', 'České Budějovice', 'Horní Vltava'),
   (116, 1034, 'Jihočeský kraj', 'České Budějovice', 'Horní Vltava'),
   (117, 1035, 'Jihočeský kraj', 'Brno', 'Dyje'),
   (118, 1036, 'Jihomoravský kraj', 'Brno', 'Morava'),
   (118, 1102, 'Olomoucký kraj', 'Ostrava', 'Morava'),
   (118, 1103, 'Olomoucký kraj', 'Ostrava', 'Morava'),
   (118, 1106, 'Olomoucký kraj', 'Ostrava', 'Morava'),
   (118, 1109, 'Olomoucký kraj', 'Ostrava', 'Morava'),
   (118, 1191, 'Zlínský kraj', 'Brno', 'Morava'),
   (118, 1193, 'Zlínský kraj', 'Brno', 'Morava'),
   (119, 1037, 'Jihomoravský kraj', 'Brno', 'Dyje'),
   (119, 1039, 'Jihomoravský kraj', 'Brno', 'Dyje'),
   (119, 1040, 'Jihomoravský kraj', 'Brno', 'Dyje'),
   (119, 1041, 'Jihomoravský kraj', 'Brno', 'Dyje'),
   (119, 1051, 'Jihomoravský kraj', 'Brno', 'Dyje'),
   (119, 1052, 'Jihomoravský kraj', 'Brno', 'Dyje'),
   (119, 1195, NULL, 'Brno', NULL),
   (119, 1196, NULL, 'Brno', NULL),
   (120, 1038, 'Jihomoravský kraj', 'Brno', NULL),
   (120, 1180, 'Vysočina', 'Brno', 'Dyje'),
   (121, 1042, 'Jihomoravský kraj', 'Brno', 'Dyje'),
   (122, 1043, 'Jihomoravský kraj', 'Brno', 'Dyje'),
   (123, 1044, 'Jihomoravský kraj', 'Brno', 'Dyje'),
   (123, 1045, 'Jihomoravský kraj', 'Brno', 'Dyje'),
   (123, 1048, 'Jihomoravský kraj', 'Brno', 'Dyje'),
   (123, 1181, 'Vysočina', 'Brno', 'Dyje'),
   (123, 1182, 'Vysočina', 'Brno', 'Dyje'),
   (124, 1046, 'Jihomoravský kraj', 'Brno', 'Dyje'),
   (124, 1047, 'Jihomoravský kraj', 'Brno', 'Dyje'),
   (124, 1122, 'Pardubický kraj', 'Brno', 'Dyje'),
   (125, 1049, 'Jihomoravský kraj', 'Brno', 'Dyje'),
   (126, 1050, 'Jihomoravský kraj', 'Brno', 'Dyje'),
   (126, 1183, 'Vysočina', 'Brno', 'Dyje'),
   (126, 1184, 'Vysočina', 'Brno', NULL),
   (126, 1186, 'Vysočina', 'Brno', 'Dyje'),
   (126, 1187, 'Vysočina', 'Brno', 'Dyje'),
   (126, 1188, 'Vysočina', 'Brno', 'Dyje'),
   (127, 1053, 'Karlovarský kraj', 'Ústí nad Labem', 'Ohře'),
   (127, 1057, 'Karlovarský kraj', 'Ústí nad Labem', 'Ohře'),
   (127, 1170, 'Ústecký kraj', 'Ústí nad Labem', 'Ohře'),
   (128, 1054, 'Karlovarský kraj', 'Ústí nad Labem', 'Ohře'),
   (129, 1055, 'Karlovarský kraj', 'Ústí nad Labem', 'Ohře'),
   (130, 1056, 'Karlovarský kraj', 'Ústí nad Labem', 'Ohře'),
   (131, 1058, 'Královéhradecký kraj', 'Hradec Králové', 'Labe'),
   (131, 1061, 'Královéhradecký kraj', 'Hradec Králové', 'Labe'),
   (131, 1117, 'Pardubický kraj', 'Hradec Králové', 'Labe'),
   (131, 1121, 'Pardubický kraj', 'Hradec Králové', 'Labe'),
   (131, 1146, 'Středočeský kraj', 'Praha', 'Labe'),
   (131, 1150, 'Středočeský kraj', 'Praha', 'Labe'),
   (131, 1151, 'Středočeský kraj', 'Praha', 'Labe'),
   (131, 1169, 'Středočeský kraj', 'Praha', 'Labe'),
   (131, 1171, 'Ústecký kraj', 'Praha', 'Labe'),
   (131, 1174, 'Ústecký kraj', 'Praha', 'Labe'),
   (131, 1197, NULL, 'Praha', 'Labe'),
   (132, 1059, 'Královéhradecký kraj', 'Hradec Králové', 'Labe'),
   (132, 1060, 'Královéhradecký kraj', 'Hradec Králové', 'Labe'),
   (133, 1062, 'Královéhradecký kraj', 'Hradec Králové', 'Labe'),
   (133, 1063, 'Královéhradecký kraj', 'Hradec Králové', 'Labe'),
   (134, 1064, 'Královéhradecký kraj', 'Hradec Králové', 'Labe'),
   (135, 1065, 'Královéhradecký kraj', 'Hradec Králové', 'Labe'),
   (136, 1066, 'Královéhradecký kraj', 'Hradec Králové', 'Labe'),
   (136, 1115, 'Pardubický kraj', 'Hradec Králové', 'Labe'),
   (137, 1067, 'Královéhradecký kraj', 'Hradec Králové', 'Labe'),
   (138, 1068, 'Královéhradecký kraj', 'Hradec Králové', 'Labe'),
   (138, 1069, 'Královéhradecký kraj', 'Hradec Králové', 'Labe'),
   (139, 1070, 'Královéhradecký kraj', 'Hradec Králové', 'Labe'),
   (139, 1071, 'Královéhradecký kraj', 'Hradec Králové', 'Labe'),
   (139, 1144, 'Středočeský kraj', 'Hradec Králové', 'Labe'),
   (140, 1072, 'Královéhradecký kraj', 'Hradec Králové', 'Labe'),
   (140, 1073, 'Královéhradecký kraj', 'Hradec Králové', 'Labe'),
   (141, 1074, 'Liberecký kraj', 'Ústí nad Labem', 'Ohře'),
   (141, 1080, 'Liberecký kraj', 'Ústí nad Labem', 'Ohře'),
   (141, 1173, 'Ústecký kraj', 'Ústí nad Labem', 'Ohře'),
   (142, 1075, 'Liberecký kraj', 'Praha', 'Labe'),
   (142, 1077, 'Liberecký kraj', 'Praha', 'Labe'),
   (142, 1079, 'Liberecký kraj', 'Praha', 'Labe'),
   (142, 1148, 'Středočeský kraj', 'Praha', 'Labe'),
   (142, 1149, 'Středočeský kraj', 'Praha', 'Labe'),
   (143, 1076, 'Liberecký kraj', 'Praha', 'Labe'),
   (144, 1078, 'Liberecký kraj', 'Praha', 'Labe'),
   (145, 1081, 'Liberecký kraj', 'Ústí nad Labem', 'Labe'),
   (145, 1082, 'Liberecký kraj', 'Ústí nad Labem', 'Labe'),
   (146, 1083, 'Liberecký kraj', 'Ústí nad Labem', 'Labe'),
   (146, 1084, 'Liberecký kraj', 'Ústí nad Labem', 'Ohře'),
   (146, 1085, 'Liberecký kraj', 'Ústí nad Labem', 'Labe'),
   (147, 1086, 'Moravskoslezský kraj', 'Ostrava', 'Odra'),
   (147, 1088, 'Moravskoslezský kraj', 'Ostrava', 'Odra'),
   (147, 1096, 'Moravskoslezský kraj', 'Ostrava', 'Odra'),
   (148, 1087, 'Moravskoslezský kraj', 'Ostrava', 'Odra'),
   (149, 1089, 'Moravskoslezský kraj', 'Ostrava', 'Odra'),
   (149, 1090, 'Moravskoslezský kraj', 'Ostrava', 'Odra'),
   (149, 1091, 'Moravskoslezský kraj', 'Ostrava', 'Odra'),
   (149, 1093, 'Moravskoslezský kraj', 'Ostrava', 'Odra'),
   (150, 1090, 'Moravskoslezský kraj', 'Ostrava', 'Odra'),
   (151, 1092, 'Moravskoslezský kraj', 'Ostrava', 'Odra'),
   (152, 1094, 'Moravskoslezský kraj', 'Ostrava', 'Odra'),
   (152, 1095, 'Moravskoslezský kraj', 'Ostrava', 'Odra'),
   (153, 1097, 'Moravskoslezský kraj', 'Ostrava', 'Odra'),
   (153, 1098, 'Moravskoslezský kraj', 'Ostrava', 'Odra'),
   (153, 1099, 'Moravskoslezský kraj', 'Ostrava', 'Odra'),
   (154, 1097, 'Moravskoslezský kraj', 'Ostrava', 'Odra'),
   (155, 1100, 'Moravskoslezský kraj', 'Ostrava', 'Odra'),
   (156, 1101, 'Olomoucký kraj', 'Ostrava', 'Odra'),
   (157, 1104, 'Olomoucký kraj', 'Ostrava', 'Morava'),
   (158, 1105, 'Olomoucký kraj', 'Ostrava', 'Morava'),
   (159, 1107, 'Olomoucký kraj', 'Ostrava', 'Morava'),
   (160, 1108, 'Olomoucký kraj', 'Ostrava', 'Morava'),
   (161, 1110, 'Olomoucký kraj', 'Ostrava', 'Morava'),
   (161, 1111, 'Olomoucký kraj', 'Ostrava', 'Morava'),
   (162, 1112, 'Olomoucký kraj', 'Brno', 'Morava'),
   (163, 1113, 'Olomoucký kraj', 'Brno', 'Morava'),
   (164, 1114, 'Olomoucký kraj', 'Brno', 'Morava'),
   (165, 1116, 'Pardubický kraj', 'Hradec Králové', 'Labe'),
   (166, 1118, 'Pardubický kraj', 'Hradec Králové', 'Labe'),
   (167, 1119, 'Pardubický kraj', 'Hradec Králové', 'Labe'),
   (168, 1120, 'Pardubický kraj', 'Hradec Králové', 'Labe'),
   (169, 1123, 'Plzeňský kraj', 'České Budějovice', 'Horní Vltava'),
   (170, 1124, 'Plzeňský kraj', 'České Budějovice', 'Horní Vltava'),
   (171, 1127, 'Plzeňský kraj', 'České Budějovice', 'Horní Vltava'),
   (172, 1128, 'Plzeňský kraj', 'Plzeň', 'Berounka'),
   (172, 1130, 'Plzeňský kraj', 'Plzeň', 'Berounka'),
   (173, 1129, 'Plzeňský kraj', 'Plzeň', 'Berounka'),
   (174, 1131, 'Plzeňský kraj', 'Plzeň', 'Berounka'),
   (174, 1132, 'Plzeňský kraj', 'Plzeň', 'Berounka'),
   (174, 1133, 'Plzeňský kraj', 'Plzeň', 'Berounka'),
   (175, 1134, 'Plzeňský kraj', 'Plzeň', 'Berounka'),
   (175, 1135, 'Plzeňský kraj', 'Plzeň', 'Berounka'),
   (176, 1136, 'Plzeňský kraj', 'Plzeň', 'Berounka'),
   (176, 1142, 'Plzeňský kraj', 'Plzeň', 'Berounka'),
   (176, 1164, 'Středočeský kraj', 'Praha', 'Berounka'),
   (176, 1166, 'Středočeský kraj', 'Praha', 'Berounka'),
   (176, 1167, 'Středočeský kraj', 'Praha', 'Berounka'),
   (177, 1137, 'Plzeňský kraj', 'Plzeň', 'Berounka'),
   (177, 1138, 'Plzeňský kraj', 'Plzeň', 'Berounka'),
   (178, 1139, 'Plzeňský kraj', 'Plzeň', 'Berounka'),
   (178, 1140, 'Plzeňský kraj', 'Plzeň', 'Berounka'),
   (179, 1141, 'Plzeňský kraj', 'Plzeň', 'Berounka'),
   (180, 1143, 'Středočeský kraj', 'Hradec Králové', 'Labe'),
   (181, 1145, 'Středočeský kraj', 'Hradec Králové', 'Labe'),
   (182, 1147, 'Středočeský kraj', 'Praha', 'Labe'),
   (183, 1152, 'Středočeský kraj', 'Praha', 'Dolní Vltava'),
   (184, 1153, 'Středočeský kraj', 'Praha', 'Dolní Vltava'),
   (185, 1154, 'Středočeský kraj', 'Praha', 'Dolní Vltava'),
   (185, 1157, 'Středočeský kraj', 'Praha', 'Dolní Vltava'),
   (185, 1162, 'Středočeský kraj', 'Praha', 'Dolní Vltava'),
   (185, 1176, 'Vysočina', 'Praha', 'Dolní Vltava'),
   (185, 1178, 'Vysočina', 'Praha', 'Dolní Vltava'),
   (186, 1155, 'Středočeský kraj', 'Praha', 'Dolní Vltava'),
   (186, 1156, 'Středočeský kraj', 'Praha', 'Dolní Vltava'),
   (186, 1179, 'Vysočina', 'Praha', 'Dolní Vltava'),
   (187, 1159, 'Středočeský kraj', 'Praha', 'Dolní Vltava'),
   (187, 1160, 'Středočeský kraj', 'Praha', 'Dolní Vltava'),
   (188, 1165, 'Středočeský kraj', 'Praha', 'Berounka'),
   (189, 1166, 'Středočeský kraj', 'Praha', 'Berounka'),
   (190, 1172, 'Ústecký kraj', 'Ústí nad Labem', 'Ohře'),
   (191, 1175, 'Vysočina', 'Praha', 'Dolní Vltava'),
   (192, 1177, 'Vysočina', 'Praha', 'Dolní Vltava'),
   (193, 1185, 'Vysočina', 'Brno', 'Dyje'),
   (194, 1189, 'Zlínský kraj', 'Ostrava', 'Morava'),
   (195, 1190, 'Zlínský kraj', 'Ostrava', 'Morava'),
   (196, 1192, 'Zlínský kraj', 'Brno', 'Morava'),
   (197, 1194, 'Zlínský kraj', 'Brno', 'Morava');

ALTER TABLE ONLY cleneni
    ADD CONSTRAINT cleneni_stanice_id_fkey
    FOREIGN KEY (stanice_id) REFERENCES stanice(id);

ALTER TABLE ONLY cleneni
    ADD CONSTRAINT cleneni_tok_id_fkey FOREIGN KEY (tok_id) REFERENCES toky(id);


CREATE TABLE limity_cm (
    tok_id integer,
    stanice_id integer,
    bdelost real,
    pohotovost real,
    ohrozeni real
);


INSERT INTO limity_cm (tok_id, stanice_id, bdelost, pohotovost, ohrozeni) VALUES
   (102, 1004, 120, 155, 190),
   (102, 1005, 190, 230, 265),
   (103, 1006, 175, 200, 250),
   (101, 1007, 185, 210, 260),
   (104, 1008, 100, 140, 170),
   (101, 1009, 170, 200, 230),
   (105, 1010, 100, 140, 170),
   (106, 1011, 110, 155, 190),
   (107, 1013, 150, 200, 250),
   (106, 1014, 160, 210, 270),
   (101, 1015, 220, 250, 400),
   (108, 1016, 150, 180, 210),
   (108, 1017, 300, 350, 400),
   (108, 1018, 170, 200, 240),
   (109, 1019, 100, 130, 160),
   (109, 1020, 150, 190, 230),
   (109, 1021, 270, 320, 350),
   (108, 1022, 190, 240, 300),
   (110, 1023, 170, 210, 250),
   (108, 1024, 240, 290, 330),
   (111, 1025, 180, 220, 280),
   (112, 1026, 210, 250, 290),
   (113, 1027, 190, 230, 270),
   (114, 1028, 120, 160, 180),
   (114, 1029, 110, 140, 160),
   (114, 1030, 95, 115, 130),
   (114, 1031, 110, 150, 180),
   (111, 1032, 250, 320, 380),
   (115, 1033, 145, 175, 220),
   (116, 1034, 150, 180, 250),
   (117, 1035, 150, 180, 220),
   (118, 1036, 450, 550, 650),
   (119, 1037, 150, 200, 250),
   (120, 1038, 100, 150, 180),
   (119, 1039, 150, 180, 230),
   (119, 1040, 195, 230, 290),
   (119, 1041, 300, 400, 500),
   (121, 1042, 210, 250, 290),
   (122, 1043, 180, 230, 280),
   (123, 1044, 190, 240, 300),
   (123, 1045, 100, 160, 260),
   (124, 1046, 100, 130, 170),
   (124, 1047, 200, 270, 350),
   (123, 1048, 250, 300, 350),
   (125, 1049, 200, 230, 260),
   (126, 1050, 270, 320, 380),
   (128, 1054, 120, 250, 320),
   (129, 1055, 160, 195, 220),
   (127, 1057, 190, 230, 270),
   (131, 1058, 110, 135, 160),
   (132, 1059, 110, 130, 160),
   (132, 1060, 150, 200, 260),
   (133, 1062, 90, 120, 150),
   (133, 1063, 110, 160, 210),
   (134, 1064, 120, 145, 170),
   (135, 1065, 180, 230, 280),
   (136, 1066, 180, 250, 310),
   (137, 1067, 300, 330, 360),
   (138, 1068, 100, 130, 160),
   (138, 1069, 180, 200, 230),
   (139, 1070, 55, 70, 80),
   (139, 1071, 150, 190, 230),
   (140, 1072, 70, 90, 110),
   (140, 1073, 140, 170, 200),
   (141, 1074, 90, 120, 145),
   (142, 1075, 150, 180, 210),
   (143, 1076, 140, 165, 190),
   (142, 1077, 180, 240, 320),
   (142, 1079, 220, 310, 370),
   (141, 1080, 70, 90, 110),
   (145, 1081, 85, 125, 160),
   (145, 1082, 175, 210, 240),
   (146, 1083, 80, 100, 120),
   (146, 1084, 130, 150, 160),
   (146, 1085, 200, 220, 240),
   (147, 1086, 200, 230, 260),
   (148, 1087, 100, 150, 180),
   (147, 1088, 280, 330, 380),
   (149, 1089, 100, 150, 170),
   (149, 1090, 120, 200, 220),
   (150, 1090, 140, 170, 210),
   (149, 1091, 200, 250, 300),
   (151, 1092, 150, 200, 240),
   (149, 1093, 210, 265, 320),
   (152, 1094, 280, 330, 380),
   (152, 1095, 230, 310, 530),
   (147, 1096, 300, 400, 500),
   (153, 1097, 220, 270, 320),
   (154, 1097, 140, 170, 210),
   (153, 1098, 280, 330, 400),
   (153, 1099, 300, 430, 490),
   (155, 1100, 190, 230, 270),
   (156, 1101, 170, 190, 220),
   (118, 1102, 190, 220, 250),
   (118, 1103, 180, 220, 250),
   (157, 1104, 170, 220, 260),
   (158, 1105, 150, 200, 250),
   (118, 1106, 200, 250, 300),
   (159, 1107, 170, 200, 250),
   (160, 1108, 250, 270, 300),
   (118, 1109, 360, 390, 430),
   (161, 1110, 260, 330, 400),
   (161, 1111, 370, 450, 530),
   (162, 1112, 50, 70, 90),
   (163, 1113, 50, 70, 90),
   (164, 1114, 150, 180, 200),
   (136, 1115, 235, 280, 320),
   (165, 1116, 120, 140, 160),
   (131, 1117, 350, 400, 450),
   (166, 1118, 100, 150, 200),
   (167, 1119, 250, 280, 320),
   (168, 1120, 150, 180, 220),
   (131, 1121, 240, 330, 400),
   (124, 1122, 90, 120, 150),
   (169, 1123, 120, 140, 160),
   (170, 1124, 100, 130, 160),
   (111, 1125, 140, 160, 180),
   (111, 1126, 120, 150, 175),
   (171, 1127, 65, 80, 100),
   (172, 1128, 150, 180, 220),
   (173, 1129, 100, 130, 150),
   (172, 1130, 200, 250, 300),
   (174, 1131, 120, 150, 180),
   (174, 1132, 160, 190, 220),
   (174, 1133, 200, 260, 310),
   (175, 1134, 200, 240, 290),
   (175, 1135, 160, 220, 320),
   (176, 1136, 250, 350, 450),
   (177, 1137, 110, 160, 220),
   (177, 1138, 120, 150, 200),
   (178, 1139, 70, 90, 120),
   (178, 1140, 120, 160, 200),
   (179, 1141, 120, 160, 200),
   (176, 1142, 180, 260, 340),
   (180, 1143, 100, 200, 240),
   (139, 1144, 190, 210, 230),
   (181, 1145, 170, 210, 260),
   (131, 1146, 230, 320, 370),
   (182, 1147, 150, 200, 250),
   (142, 1148, 480, 510, 540),
   (131, 1150, 280, 380, 450),
   (183, 1152, 100, 150, 180),
   (185, 1154, 200, 250, 350),
   (185, 1157, 240, 290, 380),
   (187, 1160, 80, 180, 230),
   (185, 1162, 230, 300, 380),
   (176, 1164, 240, 320, 400),
   (189, 1166, 150, 200, 250),
   (101, 1168, 370, 510, 610),
   (131, 1169, 400, 500, 550),
   (127, 1170, 400, 440, 490),
   (131, 1171, 450, 530, 600),
   (190, 1172, 170, 190, 230),
   (141, 1173, 140, 170, 190),
   (191, 1175, 150, 180, 220),
   (185, 1176, 100, 140, 180),
   (192, 1177, 140, 170, 220),
   (185, 1178, 160, 220, 280),
   (120, 1180, 100, 150, 190),
   (123, 1181, 120, 150, 180),
   (123, 1182, 100, 140, 180),
   (126, 1183, 120, 150, 170),
   (126, 1184, 120, 160, 210),
   (193, 1185, 100, 120, 150),
   (126, 1186, 130, 160, 200),
   (126, 1187, 220, 280, 330),
   (126, 1188, 160, 190, 230),
   (194, 1189, 280, 350, 400),
   (195, 1190, 200, 250, 290),
   (118, 1191, 400, 500, 600),
   (196, 1192, 170, 200, 260),
   (118, 1193, 400, 500, 600),
   (197, 1194, 270, 400, 500),
   (119, 1195, 185, 220, 270),
   (119, 1196, 260, 350, 410),
   (131, 1197, 400, 490, 560);

ALTER TABLE ONLY limity_cm
    ADD CONSTRAINT limity_cm_stanice_id_fkey
    FOREIGN KEY (stanice_id) REFERENCES stanice(id);

ALTER TABLE ONLY limity_cm
    ADD CONSTRAINT limity_cm_tok_id_fkey
    FOREIGN KEY (tok_id) REFERENCES toky(id);


CREATE TABLE vodocty (
    tok_id integer NOT NULL,
    stanice_id integer NOT NULL,
    cas timestamp without time zone NOT NULL,
    vodocet_cm real
);


INSERT INTO vodocty (tok_id, stanice_id, cas, vodocet_cm) VALUES
   (124, 1122, '2007-09-10 13:00:00', 34),
   (124, 1122, '2007-09-09 16:00:00', 34),
   (124, 1122, '2007-09-08 13:00:00', 33),
   (124, 1122, '2007-09-07 13:00:00', 38),
   (124, 1122, '2007-09-06 13:00:00', 40),
   (124, 1122, '2007-09-05 13:00:00', 29),
   (111, 1125, '2007-09-10 14:30:00', 72),
   (111, 1125, '2007-09-09 14:30:00', 81),
   (111, 1126, '2007-09-10 14:30:00', 48),
   (111, 1126, '2007-09-09 15:00:00', 56),
   (111, 1126, '2007-09-08 11:30:00', 53),
   (111, 1126, '2007-09-07 12:30:00', 87),
   (111, 1126, '2007-09-06 09:00:00', 46),
   (111, 1126, '2007-09-05 17:00:00', 46),
   (111, 1125, '2007-09-06 09:00:00', 73),
   (111, 1125, '2007-09-05 17:00:00', 76),
   (111, 1125, '2007-09-08 11:30:00', 76),
   (111, 1125, '2007-09-07 11:30:00', 106),
   (111, 1032, '2007-09-08 11:30:00', 145),
   (111, 1032, '2007-09-07 11:30:00', 214),
   (111, 1032, '2007-09-06 14:00:00', 88),
   (111, 1032, '2007-09-05 17:00:00', 66),
   (111, 1032, '2007-09-10 14:30:00', 111),
   (111, 1032, '2007-09-09 14:30:00', 115),
   (111, 1025, '2007-09-06 14:00:00', 62),
   (111, 1025, '2007-09-05 17:00:00', 55),
   (108, 1024, '2007-09-10 14:30:00', 165),
   (111, 1025, '2007-09-08 11:30:00', 69),
   (108, 1024, '2007-09-09 15:00:00', 161),
   (111, 1025, '2007-09-07 11:30:00', 126),
   (108, 1024, '2007-09-08 11:30:00', 156),
   (111, 1025, '2007-09-10 14:00:00', 64),
   (108, 1024, '2007-09-07 11:30:00', 142),
   (111, 1025, '2007-09-09 14:30:00', 67),
   (108, 1024, '2007-09-06 14:00:00', 110),
   (108, 1024, '2007-09-05 17:00:00', 88),
   (114, 1031, '2007-09-10 14:30:00', 49),
   (123, 1045, '2007-09-10 14:00:00', 46),
   (125, 1049, '2007-09-10 14:00:00', 70),
   (114, 1031, '2007-09-09 14:30:00', 59),
   (123, 1045, '2007-09-09 14:30:00', 50),
   (125, 1049, '2007-09-09 14:30:00', 72),
   (112, 1026, '2007-09-10 14:30:00', 100),
   (114, 1030, '2007-09-10 14:30:00', 51),
   (116, 1034, '2007-09-10 14:30:00', 73),
   (123, 1044, '2007-09-10 14:00:00', 127),
   (112, 1026, '2007-09-09 14:30:00', 104),
   (114, 1030, '2007-09-09 15:00:00', 61),
   (116, 1034, '2007-09-09 14:30:00', 74),
   (123, 1044, '2007-09-09 14:30:00', 128),
   (113, 1027, '2007-09-10 14:30:00', 79),
   (114, 1029, '2007-09-10 14:30:00', 57),
   (117, 1035, '2007-09-10 14:00:00', 44),
   (122, 1043, '2007-09-06 13:00:00', 96),
   (126, 1050, '2007-09-08 11:30:00', 130),
   (113, 1027, '2007-09-09 14:30:00', 82),
   (114, 1029, '2007-09-09 14:30:00', 62),
   (117, 1035, '2007-09-09 14:30:00', 48),
   (122, 1043, '2007-09-05 13:00:00', 91),
   (126, 1050, '2007-09-07 11:30:00', 129),
   (114, 1028, '2007-09-10 14:30:00', 60),
   (122, 1043, '2007-09-08 13:00:00', 102),
   (126, 1050, '2007-09-06 14:00:00', 123),
   (114, 1028, '2007-09-09 15:00:00', 73),
   (122, 1043, '2007-09-07 13:00:00', 110),
   (126, 1050, '2007-09-05 17:00:00', 111),
   (113, 1027, '2007-09-06 14:00:00', 104),
   (114, 1028, '2007-09-08 11:30:00', 79),
   (114, 1029, '2007-09-06 09:00:00', 43),
   (117, 1035, '2007-09-06 14:00:00', 53),
   (122, 1043, '2007-09-10 13:00:00', 98),
   (113, 1027, '2007-09-05 17:00:00', 66),
   (114, 1028, '2007-09-07 18:00:00', 102),
   (114, 1029, '2007-09-05 17:00:00', 35),
   (117, 1035, '2007-09-05 17:00:00', 33),
   (122, 1043, '2007-09-09 16:00:00', 99),
   (113, 1027, '2007-09-08 11:30:00', 85),
   (114, 1028, '2007-09-06 09:00:00', 52),
   (114, 1029, '2007-09-08 11:30:00', 68),
   (117, 1035, '2007-09-08 11:30:00', 59),
   (121, 1042, '2007-09-06 13:00:00', 54),
   (126, 1050, '2007-09-10 14:30:00', 125),
   (113, 1027, '2007-09-07 11:30:00', 113),
   (114, 1028, '2007-09-05 17:00:00', 32),
   (114, 1029, '2007-09-07 18:00:00', 88),
   (117, 1035, '2007-09-07 11:30:00', 75),
   (121, 1042, '2007-09-05 13:00:00', 39),
   (126, 1050, '2007-09-09 14:30:00', 126),
   (112, 1026, '2007-09-08 11:30:00', 104),
   (114, 1030, '2007-09-08 11:30:00', 71),
   (114, 1031, '2007-09-06 14:00:00', 30),
   (116, 1034, '2007-09-08 11:30:00', 78),
   (123, 1044, '2007-09-08 11:30:00', 134),
   (123, 1045, '2007-09-06 12:30:00', 42),
   (125, 1049, '2007-09-06 12:30:00', 72),
   (112, 1026, '2007-09-07 11:30:00', 119),
   (114, 1030, '2007-09-07 11:30:00', 67),
   (114, 1031, '2007-09-05 17:00:00', 15),
   (116, 1034, '2007-09-07 11:30:00', 84),
   (123, 1044, '2007-09-07 11:30:00', 143),
   (123, 1045, '2007-09-05 17:00:00', 40),
   (125, 1049, '2007-09-05 17:00:00', 63),
   (112, 1026, '2007-09-06 12:30:00', 118),
   (114, 1030, '2007-09-06 14:00:00', 36),
   (114, 1031, '2007-09-08 11:30:00', 74),
   (116, 1034, '2007-09-06 14:00:00', 78),
   (123, 1044, '2007-09-06 12:30:00', 132),
   (123, 1045, '2007-09-08 11:30:00', 45),
   (125, 1049, '2007-09-08 11:30:00', 79),
   (112, 1026, '2007-09-05 17:00:00', 90),
   (114, 1030, '2007-09-05 17:00:00', 23),
   (114, 1031, '2007-09-07 11:30:00', 87),
   (116, 1034, '2007-09-05 17:00:00', 60),
   (123, 1044, '2007-09-05 17:00:00', 121),
   (123, 1045, '2007-09-07 11:30:00', 41),
   (125, 1049, '2007-09-07 11:30:00', 77),
   (115, 1033, '2007-09-06 14:00:00', 38),
   (123, 1048, '2007-09-08 11:30:00', 92),
   (124, 1046, '2007-09-08 11:30:00', 29),
   (124, 1047, '2007-09-06 13:30:00', 101),
   (115, 1033, '2007-09-05 17:00:00', 33),
   (123, 1048, '2007-09-07 11:30:00', 110),
   (124, 1046, '2007-09-07 11:30:00', 42),
   (124, 1047, '2007-09-05 17:00:00', 73),
   (115, 1033, '2007-09-08 11:30:00', 40),
   (123, 1048, '2007-09-06 14:00:00', 102),
   (124, 1046, '2007-09-06 12:30:00', 42),
   (124, 1047, '2007-09-08 11:00:00', 110),
   (115, 1033, '2007-09-07 11:30:00', 41),
   (123, 1048, '2007-09-05 17:00:00', 62),
   (124, 1046, '2007-09-05 17:00:00', 30),
   (124, 1047, '2007-09-07 11:00:00', 134),
   (115, 1033, '2007-09-10 14:30:00', 39),
   (124, 1047, '2007-09-10 14:00:00', 90),
   (115, 1033, '2007-09-09 14:30:00', 40),
   (124, 1047, '2007-09-09 14:00:00', 96),
   (123, 1048, '2007-09-10 14:30:00', 75),
   (124, 1046, '2007-09-10 14:00:00', 29),
   (123, 1048, '2007-09-09 14:30:00', 82),
   (124, 1046, '2007-09-09 14:30:00', 29),
   (120, 1038, '2007-09-08 09:00:00', 32),
   (120, 1038, '2007-09-07 09:00:00', 44),
   (120, 1038, '2007-09-06 09:00:00', 28),
   (120, 1038, '2007-09-05 12:00:00', 16),
   (120, 1038, '2007-09-10 12:00:00', 24),
   (120, 1038, '2007-09-09 12:00:00', 27),
   (128, 1054, '2007-09-08 10:00:00', 34),
   (146, 1083, '2007-09-06 10:00:00', 66),
   (146, 1085, '2007-09-10 13:00:00', 27),
   (163, 1113, '2007-09-06 12:30:00', 14),
   (180, 1143, '2007-09-06 07:00:00', 38),
   (192, 1177, '2007-09-10 11:00:00', 39),
   (128, 1054, '2007-09-07 10:00:00', 35),
   (146, 1083, '2007-09-05 13:00:00', 40),
   (146, 1085, '2007-09-09 13:00:00', 55),
   (163, 1113, '2007-09-05 17:00:00', 14),
   (180, 1143, '2007-09-05 13:00:00', 19),
   (192, 1177, '2007-09-09 11:00:00', 42),
   (128, 1054, '2007-09-06 10:00:00', 38),
   (145, 1082, '2007-09-10 13:00:00', 36),
   (146, 1083, '2007-09-08 10:00:00', 54),
   (146, 1084, '2007-09-10 13:00:00', 35),
   (163, 1113, '2007-09-08 11:30:00', 18),
   (180, 1143, '2007-09-08 10:00:00', 86),
   (128, 1054, '2007-09-05 13:00:00', 44),
   (145, 1082, '2007-09-09 13:00:00', 46),
   (146, 1083, '2007-09-07 10:00:00', 48),
   (146, 1084, '2007-09-09 13:00:00', 53),
   (163, 1113, '2007-09-07 11:30:00', 15),
   (145, 1082, '2007-09-08 10:00:00', 38),
   (146, 1083, '2007-09-10 13:00:00', 44),
   (146, 1084, '2007-09-08 10:00:00', 38),
   (146, 1085, '2007-09-06 10:00:00', 38),
   (163, 1113, '2007-09-10 14:30:00', 18),
   (180, 1143, '2007-09-10 13:00:00', 75),
   (192, 1177, '2007-09-06 15:00:00', 68),
   (145, 1082, '2007-09-07 10:00:00', 44),
   (146, 1083, '2007-09-09 13:00:00', 59),
   (146, 1084, '2007-09-07 10:00:00', 43),
   (146, 1085, '2007-09-05 13:00:00', 18),
   (163, 1113, '2007-09-09 15:00:00', 18),
   (180, 1143, '2007-09-09 13:00:00', 71),
   (192, 1177, '2007-09-05 15:00:00', 30),
   (128, 1054, '2007-09-10 13:00:00', 38),
   (145, 1082, '2007-09-06 10:00:00', 44),
   (146, 1084, '2007-09-06 10:00:00', 52),
   (146, 1085, '2007-09-08 10:00:00', 24),
   (192, 1177, '2007-09-08 15:00:00', 48),
   (128, 1054, '2007-09-09 13:00:00', 43),
   (145, 1082, '2007-09-05 13:00:00', 34),
   (146, 1084, '2007-09-05 13:00:00', 29),
   (146, 1085, '2007-09-07 10:00:00', 37),
   (192, 1177, '2007-09-07 15:00:00', 86),
   (129, 1055, '2007-09-10 13:00:00', 32),
   (145, 1081, '2007-09-06 10:00:00', 40),
   (129, 1055, '2007-09-09 13:00:00', 42),
   (145, 1081, '2007-09-05 13:00:00', 36),
   (145, 1081, '2007-09-08 10:00:00', 40),
   (162, 1112, '2007-09-10 14:30:00', 16),
   (145, 1081, '2007-09-07 10:00:00', 36),
   (162, 1112, '2007-09-09 15:00:00', 19),
   (107, 1013, '2007-09-10 14:30:00', 71),
   (110, 1023, '2007-09-10 14:30:00', 81),
   (134, 1064, '2007-09-08 10:00:00', 68),
   (193, 1185, '2007-09-10 14:00:00', 23),
   (107, 1013, '2007-09-09 14:30:00', 85),
   (110, 1023, '2007-09-09 15:00:00', 80),
   (134, 1064, '2007-09-07 10:00:00', 77),
   (193, 1185, '2007-09-09 14:00:00', 25),
   (106, 1014, '2007-09-10 14:30:00', 133),
   (108, 1018, '2007-09-10 14:30:00', 69),
   (134, 1064, '2007-09-06 10:00:00', 78),
   (141, 1080, '2007-09-10 13:00:00', 19),
   (106, 1014, '2007-09-09 15:00:00', 143),
   (108, 1018, '2007-09-09 15:00:00', 71),
   (134, 1064, '2007-09-05 13:00:00', 61),
   (141, 1080, '2007-09-09 13:00:00', 20),
   (102, 1005, '2007-09-10 14:00:00', 73),
   (106, 1011, '2007-09-06 09:00:00', 67),
   (108, 1017, '2007-09-10 14:30:00', 244),
   (108, 1022, '2007-09-08 11:30:00', 86),
   (109, 1019, '2007-09-10 14:30:00', 23),
   (109, 1020, '2007-09-08 11:30:00', 77),
   (109, 1021, '2007-09-06 14:00:00', 100),
   (135, 1065, '2007-09-06 10:00:00', 18),
   (194, 1189, '2007-09-10 14:30:00', 187),
   (102, 1005, '2007-09-09 14:30:00', 85),
   (106, 1011, '2007-09-05 17:00:00', 18),
   (108, 1017, '2007-09-09 15:00:00', 270),
   (108, 1022, '2007-09-07 11:30:00', 48),
   (109, 1019, '2007-09-09 15:00:00', 27),
   (109, 1020, '2007-09-07 11:30:00', 85),
   (109, 1021, '2007-09-05 17:00:00', 82),
   (135, 1065, '2007-09-05 13:00:00', 18),
   (194, 1189, '2007-09-09 14:30:00', 196),
   (102, 1004, '2007-09-10 14:30:00', 53),
   (103, 1006, '2007-09-10 14:30:00', 50),
   (104, 1008, '2007-09-10 14:30:00', 16),
   (105, 1010, '2007-09-10 14:30:00', 38),
   (106, 1011, '2007-09-08 14:30:00', 93),
   (108, 1016, '2007-09-10 14:30:00', 112),
   (108, 1022, '2007-09-06 14:00:00', 21),
   (109, 1020, '2007-09-06 14:00:00', 57),
   (109, 1021, '2007-09-08 11:30:00', 164),
   (135, 1065, '2007-09-08 10:00:00', 21),
   (195, 1190, '2007-09-10 16:00:00', 136),
   (196, 1192, '2007-09-10 14:00:00', 30),
   (197, 1194, '2007-09-10 14:00:00', 99),
   (102, 1004, '2007-09-09 14:30:00', 58),
   (103, 1006, '2007-09-09 14:30:00', 57),
   (104, 1008, '2007-09-09 14:30:00', 20),
   (105, 1010, '2007-09-09 14:30:00', 54),
   (108, 1016, '2007-09-09 15:00:00', 122),
   (108, 1022, '2007-09-05 17:00:00', 12),
   (109, 1020, '2007-09-05 17:00:00', 32),
   (109, 1021, '2007-09-07 11:30:00', 140),
   (135, 1065, '2007-09-07 10:00:00', 28),
   (195, 1190, '2007-09-09 16:00:00', 152),
   (196, 1192, '2007-09-09 14:30:00', 35),
   (197, 1194, '2007-09-09 14:30:00', 107),
   (102, 1004, '2007-09-08 11:30:00', 59),
   (102, 1005, '2007-09-06 14:00:00', 98),
   (103, 1006, '2007-09-08 11:30:00', 72),
   (104, 1008, '2007-09-08 11:30:00', 26),
   (105, 1010, '2007-09-08 11:30:00', 64),
   (106, 1011, '2007-09-10 14:00:00', 62),
   (108, 1016, '2007-09-08 20:00:00', 136),
   (108, 1017, '2007-09-06 14:00:00', 130),
   (109, 1019, '2007-09-06 14:00:00', 29),
   (109, 1021, '2007-09-10 14:30:00', 180),
   (135, 1065, '2007-09-10 13:00:00', 22),
   (194, 1189, '2007-09-06 13:00:00', 208),
   (195, 1190, '2007-09-08 13:00:00', 176),
   (196, 1192, '2007-09-08 11:30:00', 61),
   (197, 1194, '2007-09-08 11:30:00', 156),
   (102, 1004, '2007-09-07 14:00:00', 87),
   (102, 1005, '2007-09-05 17:00:00', 48),
   (103, 1006, '2007-09-07 11:30:00', 144),
   (104, 1008, '2007-09-07 11:30:00', 68),
   (105, 1010, '2007-09-07 21:00:00', 85),
   (106, 1011, '2007-09-09 14:30:00', 74),
   (108, 1017, '2007-09-05 17:00:00', 112),
   (109, 1019, '2007-09-05 17:00:00', 18),
   (109, 1021, '2007-09-09 15:00:00', 173),
   (135, 1065, '2007-09-09 13:00:00', 21),
   (194, 1189, '2007-09-05 13:00:00', 161),
   (196, 1192, '2007-09-07 11:30:00', 102),
   (197, 1194, '2007-09-07 11:30:00', 168),
   (102, 1004, '2007-09-06 14:00:00', 81),
   (102, 1005, '2007-09-08 11:30:00', 118),
   (103, 1006, '2007-09-06 14:00:00', 92),
   (104, 1008, '2007-09-06 14:00:00', 42),
   (108, 1016, '2007-09-06 14:00:00', 96),
   (108, 1017, '2007-09-08 03:00:00', 280),
   (108, 1022, '2007-09-10 14:30:00', 105),
   (109, 1019, '2007-09-08 11:30:00', 36),
   (109, 1020, '2007-09-10 14:30:00', 56),
   (194, 1189, '2007-09-08 11:30:00', 226),
   (195, 1190, '2007-09-06 13:00:00', 144),
   (196, 1192, '2007-09-06 14:00:00', 50),
   (197, 1194, '2007-09-06 14:00:00', 108),
   (102, 1004, '2007-09-05 17:00:00', 44),
   (103, 1006, '2007-09-05 17:00:00', 34),
   (104, 1008, '2007-09-05 17:00:00', 7),
   (105, 1010, '2007-09-05 17:00:00', 9),
   (108, 1016, '2007-09-05 17:00:00', 69),
   (108, 1017, '2007-09-07 11:30:00', 191),
   (108, 1022, '2007-09-09 15:00:00', 97),
   (109, 1019, '2007-09-07 11:30:00', 44),
   (109, 1020, '2007-09-09 15:00:00', 63),
   (194, 1189, '2007-09-07 18:00:00', 260),
   (195, 1190, '2007-09-05 13:00:00', 90),
   (196, 1192, '2007-09-05 17:00:00', 23),
   (197, 1194, '2007-09-05 17:00:00', 74),
   (106, 1014, '2007-09-08 17:00:00', 149),
   (107, 1013, '2007-09-06 14:00:00', 54),
   (108, 1018, '2007-09-08 11:30:00', 70),
   (110, 1023, '2007-09-06 14:00:00', 68),
   (141, 1080, '2007-09-08 10:00:00', 18),
   (193, 1185, '2007-09-06 12:30:00', 26),
   (106, 1014, '2007-09-07 03:30:00', 153),
   (107, 1013, '2007-09-05 17:00:00', 7),
   (108, 1018, '2007-09-07 11:30:00', 43),
   (110, 1023, '2007-09-05 17:00:00', 64),
   (141, 1080, '2007-09-07 10:00:00', 19),
   (193, 1185, '2007-09-05 17:00:00', 15),
   (106, 1014, '2007-09-06 14:00:00', 80),
   (107, 1013, '2007-09-08 11:30:00', 91),
   (108, 1018, '2007-09-06 12:30:00', 30),
   (110, 1023, '2007-09-08 11:30:00', 82),
   (134, 1064, '2007-09-10 13:00:00', 67),
   (141, 1080, '2007-09-06 10:00:00', 20),
   (193, 1185, '2007-09-08 11:00:00', 29),
   (106, 1014, '2007-09-05 17:00:00', 15),
   (107, 1013, '2007-09-07 11:30:00', 134),
   (108, 1018, '2007-09-05 17:00:00', 26),
   (110, 1023, '2007-09-07 11:30:00', 98),
   (134, 1064, '2007-09-09 13:00:00', 69),
   (141, 1080, '2007-09-05 13:00:00', 19),
   (193, 1185, '2007-09-07 11:30:00', 47),
   (132, 1059, '2007-09-10 13:00:00', 34),
   (132, 1060, '2007-09-08 10:00:00', 40),
   (133, 1062, '2007-09-08 10:00:00', 39),
   (133, 1063, '2007-09-06 10:00:00', 40),
   (142, 1079, '2007-09-10 14:30:00', 128),
   (132, 1059, '2007-09-09 13:00:00', 35),
   (132, 1060, '2007-09-07 10:00:00', 54),
   (133, 1062, '2007-09-07 10:00:00', 43),
   (133, 1063, '2007-09-05 13:00:00', 23),
   (142, 1079, '2007-09-09 15:00:00', 138),
   (132, 1060, '2007-09-06 10:00:00', 23),
   (133, 1062, '2007-09-06 10:00:00', 36),
   (133, 1063, '2007-09-08 10:00:00', 34),
   (143, 1076, '2007-09-10 14:30:00', 89),
   (132, 1060, '2007-09-05 13:00:00', 31),
   (133, 1062, '2007-09-05 13:00:00', 31),
   (133, 1063, '2007-09-07 10:00:00', 46),
   (143, 1076, '2007-09-09 14:30:00', 84),
   (140, 1073, '2007-09-10 13:00:00', 76),
   (142, 1075, '2007-09-06 14:00:00', 101),
   (142, 1077, '2007-09-10 14:30:00', 77),
   (140, 1073, '2007-09-09 13:00:00', 80),
   (142, 1075, '2007-09-05 17:00:00', 20),
   (142, 1077, '2007-09-09 14:30:00', 85),
   (140, 1072, '2007-09-10 13:00:00', 47),
   (141, 1074, '2007-09-10 13:00:00', 40),
   (142, 1075, '2007-09-08 11:30:00', 34),
   (140, 1072, '2007-09-09 13:00:00', 50),
   (141, 1074, '2007-09-09 13:00:00', 40),
   (142, 1075, '2007-09-07 11:30:00', 55),
   (140, 1072, '2007-09-08 10:00:00', 54),
   (140, 1073, '2007-09-06 10:00:00', 98),
   (141, 1074, '2007-09-08 10:00:00', 40),
   (142, 1075, '2007-09-10 14:30:00', 52),
   (142, 1077, '2007-09-06 14:00:00', 96),
   (140, 1072, '2007-09-07 10:00:00', 64),
   (140, 1073, '2007-09-05 13:00:00', 53),
   (141, 1074, '2007-09-07 10:00:00', 40),
   (142, 1075, '2007-09-09 14:30:00', 57),
   (142, 1077, '2007-09-05 17:00:00', 53),
   (140, 1072, '2007-09-06 07:00:00', 54),
   (140, 1073, '2007-09-08 10:00:00', 85),
   (141, 1074, '2007-09-06 10:00:00', 40),
   (142, 1077, '2007-09-08 11:30:00', 67),
   (140, 1072, '2007-09-05 13:00:00', 30),
   (140, 1073, '2007-09-07 10:00:00', 104),
   (141, 1074, '2007-09-05 13:00:00', 41),
   (142, 1077, '2007-09-07 11:30:00', 88),
   (132, 1059, '2007-09-06 10:00:00', 52),
   (133, 1063, '2007-09-10 13:00:00', 30),
   (142, 1079, '2007-09-06 14:00:00', 148),
   (143, 1076, '2007-09-08 11:30:00', 83),
   (132, 1059, '2007-09-05 13:00:00', 29),
   (133, 1063, '2007-09-09 13:00:00', 31),
   (142, 1079, '2007-09-05 17:00:00', 113),
   (143, 1076, '2007-09-07 11:30:00', 86),
   (132, 1059, '2007-09-08 10:00:00', 35),
   (132, 1060, '2007-09-10 13:00:00', 40),
   (133, 1062, '2007-09-10 13:00:00', 36),
   (142, 1079, '2007-09-08 11:30:00', 123),
   (143, 1076, '2007-09-06 14:00:00', 98),
   (132, 1059, '2007-09-07 10:00:00', 39),
   (132, 1060, '2007-09-09 13:00:00', 42),
   (133, 1062, '2007-09-09 13:00:00', 37),
   (142, 1079, '2007-09-07 11:30:00', 145),
   (143, 1076, '2007-09-05 17:00:00', 77),
   (173, 1129, '2007-09-10 16:00:00', 18),
   (173, 1129, '2007-09-09 16:00:00', 16),
   (172, 1130, '2007-09-10 07:00:00', 58),
   (169, 1123, '2007-09-10 14:30:00', 65),
   (171, 1127, '2007-09-10 14:30:00', 33),
   (174, 1131, '2007-09-06 13:00:00', 27),
   (174, 1133, '2007-09-10 16:00:00', 43),
   (175, 1135, '2007-09-10 16:00:00', 66),
   (169, 1123, '2007-09-09 15:00:00', 72),
   (171, 1127, '2007-09-09 15:00:00', 37),
   (174, 1131, '2007-09-05 13:00:00', 28),
   (174, 1133, '2007-09-09 16:00:00', 42),
   (175, 1135, '2007-09-09 16:00:00', 64),
   (168, 1120, '2007-09-10 13:00:00', 58),
   (170, 1124, '2007-09-10 14:30:00', 43),
   (172, 1128, '2007-09-10 16:00:00', 50),
   (174, 1131, '2007-09-08 13:00:00', 26),
   (174, 1132, '2007-09-10 16:00:00', 34),
   (175, 1134, '2007-09-10 16:00:00', 58),
   (168, 1120, '2007-09-09 13:00:00', 60),
   (170, 1124, '2007-09-09 15:00:00', 51),
   (172, 1128, '2007-09-09 16:00:00', 50),
   (174, 1131, '2007-09-07 13:00:00', 26),
   (174, 1132, '2007-09-09 16:00:00', 36),
   (175, 1134, '2007-09-09 16:00:00', 82),
   (168, 1120, '2007-09-08 10:00:00', 64),
   (169, 1123, '2007-09-06 09:00:00', 68),
   (170, 1124, '2007-09-08 11:30:00', 46),
   (171, 1127, '2007-09-06 14:00:00', 40),
   (172, 1128, '2007-09-08 13:00:00', 49),
   (174, 1131, '2007-09-10 16:00:00', 28),
   (174, 1132, '2007-09-08 13:00:00', 34),
   (174, 1133, '2007-09-06 13:00:00', 42),
   (175, 1134, '2007-09-08 13:00:00', 70),
   (175, 1135, '2007-09-06 13:00:00', 58),
   (168, 1120, '2007-09-07 10:00:00', 96),
   (169, 1123, '2007-09-05 17:00:00', 70),
   (170, 1124, '2007-09-07 11:30:00', 66),
   (171, 1127, '2007-09-05 17:00:00', 32),
   (172, 1128, '2007-09-07 13:00:00', 50),
   (174, 1131, '2007-09-09 16:00:00', 28),
   (174, 1132, '2007-09-07 13:00:00', 33),
   (174, 1133, '2007-09-05 13:00:00', 43),
   (175, 1134, '2007-09-07 13:00:00', 88),
   (175, 1135, '2007-09-05 13:00:00', 56),
   (168, 1120, '2007-09-06 10:00:00', 50),
   (169, 1123, '2007-09-08 11:30:00', 67),
   (170, 1124, '2007-09-06 09:00:00', 42),
   (171, 1127, '2007-09-08 11:30:00', 35),
   (172, 1128, '2007-09-06 13:00:00', 50),
   (174, 1132, '2007-09-06 13:00:00', 34),
   (174, 1133, '2007-09-08 13:00:00', 41),
   (175, 1134, '2007-09-06 13:00:00', 84),
   (175, 1135, '2007-09-08 13:00:00', 67),
   (168, 1120, '2007-09-05 13:00:00', 45),
   (169, 1123, '2007-09-07 11:30:00', 88),
   (170, 1124, '2007-09-05 17:00:00', 45),
   (171, 1127, '2007-09-07 11:30:00', 41),
   (172, 1128, '2007-09-05 13:00:00', 48),
   (174, 1132, '2007-09-05 13:00:00', 34),
   (174, 1133, '2007-09-07 13:00:00', 39),
   (175, 1134, '2007-09-05 13:00:00', 53),
   (175, 1135, '2007-09-07 13:00:00', 82),
   (173, 1129, '2007-09-06 13:00:00', 16),
   (172, 1130, '2007-09-07 07:00:00', 58),
   (173, 1129, '2007-09-05 13:00:00', 16),
   (172, 1130, '2007-09-06 07:00:00', 47),
   (173, 1129, '2007-09-08 13:00:00', 14),
   (172, 1130, '2007-09-05 07:00:00', 47),
   (173, 1129, '2007-09-07 13:00:00', 14),
   (136, 1066, '2007-09-10 13:00:00', 30),
   (136, 1066, '2007-09-09 13:00:00', 32),
   (137, 1067, '2007-09-10 13:00:00', 70),
   (138, 1069, '2007-09-10 13:00:00', 37),
   (139, 1071, '2007-09-10 13:00:00', 24),
   (137, 1067, '2007-09-09 12:00:00', 75),
   (138, 1069, '2007-09-09 13:00:00', 38),
   (139, 1071, '2007-09-09 13:00:00', 25),
   (138, 1068, '2007-09-10 13:00:00', 30),
   (139, 1070, '2007-09-10 13:00:00', 5),
   (138, 1068, '2007-09-09 13:00:00', 31),
   (139, 1070, '2007-09-09 13:00:00', 6),
   (137, 1067, '2007-09-06 09:30:00', 62),
   (138, 1068, '2007-09-08 10:00:00', 31),
   (138, 1069, '2007-09-06 10:00:00', 29),
   (139, 1070, '2007-09-08 10:00:00', 6),
   (139, 1071, '2007-09-06 10:00:00', 26),
   (137, 1067, '2007-09-05 12:00:00', 64),
   (138, 1068, '2007-09-07 10:00:00', 35),
   (138, 1069, '2007-09-05 13:00:00', 22),
   (139, 1070, '2007-09-07 07:00:00', 5),
   (139, 1071, '2007-09-05 13:00:00', 28),
   (137, 1067, '2007-09-08 09:30:00', 79),
   (138, 1068, '2007-09-06 10:00:00', 34),
   (138, 1069, '2007-09-08 10:00:00', 37),
   (139, 1070, '2007-09-06 10:00:00', 6),
   (139, 1071, '2007-09-08 10:00:00', 24),
   (137, 1067, '2007-09-07 10:00:00', 100),
   (138, 1068, '2007-09-05 13:00:00', 22),
   (138, 1069, '2007-09-07 10:00:00', 48),
   (139, 1070, '2007-09-05 13:00:00', 5),
   (139, 1071, '2007-09-07 10:00:00', 26),
   (136, 1066, '2007-09-08 10:00:00', 32),
   (136, 1066, '2007-09-07 10:00:00', 44),
   (136, 1066, '2007-09-06 10:00:00', 28),
   (136, 1066, '2007-09-05 13:00:00', 24),
   (136, 1115, '2007-09-10 13:00:00', 23),
   (136, 1115, '2007-09-09 13:00:00', 23),
   (136, 1115, '2007-09-06 10:00:00', 26),
   (136, 1115, '2007-09-05 13:00:00', 19),
   (136, 1115, '2007-09-08 10:00:00', 22),
   (136, 1115, '2007-09-07 10:00:00', 26),
   (126, 1184, '2007-09-08 11:30:00', 41),
   (126, 1184, '2007-09-07 11:30:00', 57),
   (126, 1184, '2007-09-06 14:00:00', 38),
   (126, 1184, '2007-09-05 17:00:00', 16),
   (126, 1186, '2007-09-08 11:30:00', 61),
   (126, 1187, '2007-09-06 14:00:00', 75),
   (126, 1186, '2007-09-07 11:30:00', 85),
   (126, 1187, '2007-09-05 17:00:00', 52),
   (126, 1186, '2007-09-06 14:00:00', 66),
   (126, 1187, '2007-09-08 11:30:00', 96),
   (126, 1188, '2007-09-10 07:00:00', 78),
   (126, 1186, '2007-09-05 17:00:00', 38),
   (126, 1187, '2007-09-07 11:30:00', 125),
   (126, 1188, '2007-09-09 07:00:00', 78),
   (126, 1187, '2007-09-10 14:00:00', 70),
   (126, 1188, '2007-09-08 07:00:00', 79),
   (126, 1187, '2007-09-09 14:30:00', 75),
   (126, 1188, '2007-09-07 07:00:00', 79),
   (126, 1186, '2007-09-10 14:00:00', 47),
   (126, 1188, '2007-09-06 07:00:00', 59),
   (126, 1186, '2007-09-09 14:30:00', 51),
   (126, 1188, '2007-09-05 07:00:00', 59),
   (126, 1184, '2007-09-10 14:00:00', 27),
   (126, 1184, '2007-09-09 14:30:00', 32),
   (126, 1183, '2007-09-10 14:30:00', 44),
   (126, 1183, '2007-09-09 14:30:00', 46),
   (142, 1148, '2007-09-10 14:30:00', 176),
   (142, 1148, '2007-09-09 15:00:00', 171),
   (142, 1148, '2007-09-08 11:30:00', 167),
   (142, 1148, '2007-09-07 11:30:00', 230),
   (142, 1148, '2007-09-06 14:00:00', 132),
   (142, 1148, '2007-09-05 17:00:00', 132),
   (126, 1183, '2007-09-06 12:30:00', 48),
   (126, 1183, '2007-09-05 17:00:00', 35),
   (126, 1183, '2007-09-08 11:30:00', 54),
   (126, 1183, '2007-09-07 11:30:00', 65),
   (120, 1180, '2007-09-08 11:30:00', 35),
   (123, 1181, '2007-09-10 13:00:00', 60),
   (149, 1089, '2007-09-10 14:30:00', 96),
   (158, 1105, '2007-09-06 13:00:00', 32),
   (159, 1107, '2007-09-06 13:00:00', 144),
   (120, 1180, '2007-09-07 11:30:00', 42),
   (123, 1181, '2007-09-09 16:00:00', 64),
   (158, 1105, '2007-09-05 13:00:00', 30),
   (159, 1107, '2007-09-05 13:00:00', 119),
   (120, 1180, '2007-09-06 12:30:00', 33),
   (151, 1092, '2007-09-10 14:30:00', 99),
   (157, 1104, '2007-09-10 14:30:00', 71),
   (158, 1105, '2007-09-08 11:30:00', 33),
   (159, 1107, '2007-09-08 11:30:00', 151),
   (120, 1180, '2007-09-05 17:00:00', 28),
   (151, 1092, '2007-09-09 14:30:00', 103),
   (157, 1104, '2007-09-09 14:30:00', 78),
   (158, 1105, '2007-09-07 14:00:00', 41),
   (159, 1107, '2007-09-07 19:30:00', 164),
   (139, 1144, '2007-09-08 10:00:00', 30),
   (149, 1091, '2007-09-10 22:00:00', 197),
   (149, 1093, '2007-09-06 14:00:00', 132),
   (150, 1090, '2007-09-08 23:00:00', 139),
   (139, 1144, '2007-09-07 10:00:00', 38),
   (149, 1093, '2007-09-05 17:00:00', 61),
   (123, 1182, '2007-09-10 14:00:00', 46),
   (139, 1144, '2007-09-06 10:00:00', 18),
   (149, 1090, '2007-09-10 14:30:00', 70),
   (150, 1090, '2007-09-06 07:00:00', 95),
   (123, 1182, '2007-09-09 14:30:00', 46),
   (139, 1144, '2007-09-05 13:00:00', 17),
   (149, 1090, '2007-09-09 14:30:00', 85),
   (149, 1093, '2007-09-07 02:00:00', 207),
   (150, 1090, '2007-09-05 13:00:00', 67),
   (123, 1182, '2007-09-08 11:30:00', 46),
   (149, 1090, '2007-09-08 13:00:00', 109),
   (149, 1091, '2007-09-06 14:00:00', 158),
   (149, 1093, '2007-09-10 14:30:00', 195),
   (123, 1182, '2007-09-07 11:30:00', 49),
   (149, 1091, '2007-09-05 17:00:00', 101),
   (123, 1182, '2007-09-06 12:30:00', 47),
   (139, 1144, '2007-09-10 13:00:00', 24),
   (149, 1090, '2007-09-06 07:00:00', 14),
   (150, 1090, '2007-09-10 14:30:00', 115),
   (123, 1182, '2007-09-05 17:00:00', 45),
   (139, 1144, '2007-09-09 13:00:00', 25),
   (149, 1090, '2007-09-05 13:00:00', 1),
   (150, 1090, '2007-09-09 14:30:00', 129),
   (123, 1181, '2007-09-06 19:00:00', 93),
   (151, 1092, '2007-09-08 13:00:00', 129),
   (157, 1104, '2007-09-08 11:30:00', 90),
   (158, 1105, '2007-09-10 14:30:00', 32),
   (159, 1107, '2007-09-10 14:30:00', 133),
   (149, 1089, '2007-09-05 17:00:00', 65),
   (157, 1104, '2007-09-07 13:00:00', 127),
   (158, 1105, '2007-09-09 14:30:00', 33),
   (159, 1107, '2007-09-09 14:30:00', 137),
   (120, 1180, '2007-09-10 14:00:00', 31),
   (123, 1181, '2007-09-08 13:00:00', 74),
   (151, 1092, '2007-09-06 14:00:00', 114),
   (157, 1104, '2007-09-06 14:00:00', 114),
   (120, 1180, '2007-09-09 14:30:00', 36),
   (123, 1181, '2007-09-07 19:00:00', 98),
   (151, 1092, '2007-09-05 17:00:00', 70),
   (157, 1104, '2007-09-05 17:00:00', 45),
   (156, 1101, '2007-09-05 13:00:00', 110),
   (156, 1101, '2007-09-08 16:00:00', 167),
   (152, 1094, '2007-09-08 13:00:00', 236),
   (152, 1095, '2007-09-06 13:00:00', 162),
   (152, 1095, '2007-09-05 13:00:00', 66),
   (152, 1094, '2007-09-06 13:00:00', 196),
   (152, 1095, '2007-09-08 16:00:00', 199),
   (152, 1094, '2007-09-05 13:00:00', 136),
   (152, 1095, '2007-09-10 14:30:00', 162),
   (152, 1095, '2007-09-09 14:30:00', 170),
   (152, 1094, '2007-09-10 14:30:00', 196),
   (152, 1094, '2007-09-09 14:30:00', 206),
   (156, 1101, '2007-09-10 16:00:00', 150),
   (156, 1101, '2007-09-09 16:00:00', 158),
   (153, 1097, '2007-09-10 14:30:00', 169),
   (154, 1097, '2007-09-06 14:00:00', 74),
   (153, 1097, '2007-09-09 14:30:00', 183),
   (154, 1097, '2007-09-05 17:00:00', 62),
   (154, 1097, '2007-09-08 11:30:00', 103),
   (155, 1100, '2007-09-10 14:30:00', 138),
   (154, 1097, '2007-09-07 11:30:00', 118),
   (155, 1100, '2007-09-09 14:30:00', 154),
   (153, 1099, '2007-09-10 14:30:00', 234),
   (153, 1099, '2007-09-09 14:30:00', 245),
   (153, 1098, '2007-09-10 14:30:00', 211),
   (153, 1098, '2007-09-09 14:30:00', 223),
   (153, 1098, '2007-09-08 16:00:00', 252),
   (153, 1099, '2007-09-06 13:00:00', 191),
   (153, 1099, '2007-09-05 13:00:00', 88),
   (153, 1098, '2007-09-06 13:00:00', 190),
   (153, 1099, '2007-09-08 23:00:00', 277),
   (153, 1098, '2007-09-05 13:00:00', 147),
   (153, 1097, '2007-09-06 13:00:00', 137),
   (154, 1097, '2007-09-10 14:30:00', 92),
   (155, 1100, '2007-09-08 20:00:00', 176),
   (153, 1097, '2007-09-05 13:00:00', 107),
   (154, 1097, '2007-09-09 14:30:00', 97),
   (153, 1097, '2007-09-08 13:00:00', 198),
   (155, 1100, '2007-09-06 09:00:00', 119),
   (155, 1100, '2007-09-05 17:00:00', 80),
   (141, 1173, '2007-09-06 10:00:00', 76),
   (141, 1173, '2007-09-05 13:00:00', 71),
   (141, 1173, '2007-09-08 10:00:00', 72),
   (141, 1173, '2007-09-07 10:00:00', 71),
   (141, 1173, '2007-09-10 13:00:00', 72),
   (141, 1173, '2007-09-09 13:00:00', 73),
   (185, 1176, '2007-09-10 14:30:00', 18),
   (185, 1176, '2007-09-09 14:30:00', 21),
   (183, 1152, '2007-09-08 07:00:00', 23),
   (191, 1175, '2007-09-10 14:30:00', 67),
   (183, 1152, '2007-09-07 10:00:00', 34),
   (191, 1175, '2007-09-09 14:30:00', 69),
   (183, 1152, '2007-09-06 10:00:00', 32),
   (185, 1178, '2007-09-10 14:30:00', 41),
   (190, 1172, '2007-09-10 13:00:00', 111),
   (183, 1152, '2007-09-05 13:00:00', 6),
   (185, 1178, '2007-09-09 14:30:00', 47),
   (190, 1172, '2007-09-09 13:00:00', 111),
   (185, 1178, '2007-09-08 11:30:00', 62),
   (190, 1172, '2007-09-08 10:00:00', 108),
   (191, 1175, '2007-09-06 14:00:00', 70),
   (185, 1178, '2007-09-07 11:30:00', 100),
   (190, 1172, '2007-09-07 10:00:00', 112),
   (191, 1175, '2007-09-05 17:00:00', 54),
   (183, 1152, '2007-09-10 13:00:00', 28),
   (185, 1178, '2007-09-06 14:00:00', 55),
   (190, 1172, '2007-09-06 10:00:00', 114),
   (191, 1175, '2007-09-08 11:30:00', 82),
   (183, 1152, '2007-09-09 07:00:00', 24),
   (185, 1178, '2007-09-05 17:00:00', 21),
   (190, 1172, '2007-09-05 13:00:00', 113),
   (191, 1175, '2007-09-07 11:30:00', 106),
   (185, 1176, '2007-09-08 11:30:00', 28),
   (185, 1176, '2007-09-07 11:30:00', 49),
   (185, 1176, '2007-09-06 14:00:00', 24),
   (185, 1176, '2007-09-05 17:00:00', 7),
   (189, 1166, '2007-09-08 11:30:00', 35),
   (189, 1166, '2007-09-07 11:30:00', 37),
   (189, 1166, '2007-09-06 14:00:00', 36),
   (189, 1166, '2007-09-05 17:00:00', 35),
   (185, 1157, '2007-09-06 14:00:00', 92),
   (185, 1157, '2007-09-05 17:00:00', 70),
   (185, 1154, '2007-09-10 14:30:00', 82),
   (185, 1157, '2007-09-08 11:30:00', 128),
   (185, 1154, '2007-09-09 14:30:00', 89),
   (185, 1157, '2007-09-07 11:30:00', 149),
   (185, 1154, '2007-09-08 11:30:00', 115),
   (185, 1157, '2007-09-10 14:30:00', 94),
   (185, 1154, '2007-09-07 11:30:00', 143),
   (185, 1157, '2007-09-09 14:30:00', 101),
   (185, 1154, '2007-09-06 14:00:00', 77),
   (185, 1154, '2007-09-05 17:00:00', 52),
   (189, 1166, '2007-09-10 14:00:00', 35),
   (189, 1166, '2007-09-09 14:30:00', 34),
   (187, 1160, '2007-09-08 07:00:00', 54),
   (187, 1160, '2007-09-07 13:00:00', 71),
   (185, 1162, '2007-09-10 14:30:00', 69),
   (187, 1160, '2007-09-06 10:00:00', 53),
   (185, 1162, '2007-09-09 14:30:00', 81),
   (187, 1160, '2007-09-05 13:00:00', 22),
   (185, 1162, '2007-09-08 11:30:00', 118),
   (185, 1162, '2007-09-07 11:30:00', 116),
   (185, 1162, '2007-09-06 14:00:00', 73),
   (187, 1160, '2007-09-10 13:00:00', 43),
   (185, 1162, '2007-09-05 17:00:00', 39),
   (187, 1160, '2007-09-09 07:00:00', 47),
   (160, 1108, '2007-09-08 11:30:00', 137),
   (161, 1110, '2007-09-08 14:30:00', 215),
   (161, 1111, '2007-09-06 13:00:00', 168),
   (177, 1137, '2007-09-10 13:00:00', 36),
   (179, 1141, '2007-09-10 16:00:00', 32),
   (160, 1108, '2007-09-07 11:30:00', 163),
   (161, 1110, '2007-09-07 04:00:00', 176),
   (161, 1111, '2007-09-05 13:00:00', 121),
   (177, 1137, '2007-09-09 13:00:00', 40),
   (179, 1141, '2007-09-09 16:00:00', 32),
   (160, 1108, '2007-09-06 14:00:00', 128),
   (161, 1110, '2007-09-06 14:00:00', 150),
   (161, 1111, '2007-09-08 16:00:00', 291),
   (164, 1114, '2007-09-10 14:30:00', 121),
   (166, 1118, '2007-09-10 13:00:00', 44),
   (160, 1108, '2007-09-05 17:00:00', 122),
   (161, 1110, '2007-09-05 17:00:00', 67),
   (161, 1111, '2007-09-07 07:00:00', 209),
   (164, 1114, '2007-09-09 15:00:00', 123),
   (166, 1118, '2007-09-09 13:00:00', 40),
   (148, 1087, '2007-09-06 14:00:00', 54),
   (165, 1116, '2007-09-08 10:00:00', 28),
   (167, 1119, '2007-09-10 13:00:00', 57),
   (178, 1139, '2007-09-06 13:00:00', 10),
   (182, 1147, '2007-09-06 14:00:00', 23),
   (148, 1087, '2007-09-05 17:00:00', 16),
   (165, 1116, '2007-09-07 10:00:00', 32),
   (167, 1119, '2007-09-09 13:00:00', 63),
   (178, 1139, '2007-09-05 13:00:00', 9),
   (182, 1147, '2007-09-05 17:00:00', 12),
   (148, 1087, '2007-09-08 16:00:00', 80),
   (165, 1116, '2007-09-06 10:00:00', 28),
   (177, 1138, '2007-09-10 16:00:00', 22),
   (178, 1139, '2007-09-08 13:00:00', 10),
   (178, 1140, '2007-09-10 16:00:00', 26),
   (182, 1147, '2007-09-08 11:30:00', 22),
   (148, 1087, '2007-09-07 02:30:00', 74),
   (165, 1116, '2007-09-05 13:00:00', 27),
   (177, 1138, '2007-09-09 16:00:00', 22),
   (178, 1139, '2007-09-07 13:00:00', 10),
   (178, 1140, '2007-09-09 16:00:00', 24),
   (182, 1147, '2007-09-07 11:30:00', 32),
   (148, 1087, '2007-09-10 14:30:00', 45),
   (167, 1119, '2007-09-06 10:00:00', 42),
   (177, 1138, '2007-09-08 13:00:00', 23),
   (178, 1139, '2007-09-10 16:00:00', 10),
   (178, 1140, '2007-09-08 13:00:00', 24),
   (182, 1147, '2007-09-10 14:30:00', 18),
   (148, 1087, '2007-09-09 14:30:00', 56),
   (167, 1119, '2007-09-05 13:00:00', 37),
   (177, 1138, '2007-09-07 13:00:00', 23),
   (178, 1139, '2007-09-09 16:00:00', 10),
   (178, 1140, '2007-09-07 13:00:00', 24),
   (182, 1147, '2007-09-09 14:30:00', 19),
   (165, 1116, '2007-09-10 13:00:00', 27),
   (167, 1119, '2007-09-08 10:00:00', 78),
   (177, 1138, '2007-09-06 13:00:00', 19),
   (178, 1140, '2007-09-06 13:00:00', 24),
   (165, 1116, '2007-09-09 13:00:00', 29),
   (167, 1119, '2007-09-07 10:00:00', 199),
   (177, 1138, '2007-09-05 13:00:00', 19),
   (178, 1140, '2007-09-05 13:00:00', 25),
   (161, 1111, '2007-09-10 14:30:00', 183),
   (164, 1114, '2007-09-08 11:30:00', 135),
   (166, 1118, '2007-09-08 10:00:00', 40),
   (177, 1137, '2007-09-06 13:00:00', 28),
   (179, 1141, '2007-09-06 13:00:00', 32),
   (161, 1111, '2007-09-09 14:30:00', 210),
   (164, 1114, '2007-09-07 11:30:00', 141),
   (166, 1118, '2007-09-07 10:00:00', 48),
   (177, 1137, '2007-09-05 13:00:00', 24),
   (179, 1141, '2007-09-05 13:00:00', 35),
   (160, 1108, '2007-09-10 14:30:00', 132),
   (161, 1110, '2007-09-10 14:30:00', 129),
   (164, 1114, '2007-09-06 12:30:00', 132),
   (166, 1118, '2007-09-06 10:00:00', 39),
   (177, 1137, '2007-09-08 10:00:00', 40),
   (179, 1141, '2007-09-08 13:00:00', 35),
   (160, 1108, '2007-09-09 14:30:00', 134),
   (161, 1110, '2007-09-09 14:30:00', 150),
   (164, 1114, '2007-09-05 17:00:00', 107),
   (166, 1118, '2007-09-05 13:00:00', 35),
   (177, 1137, '2007-09-07 13:00:00', 44),
   (179, 1141, '2007-09-07 13:00:00', 34),
   (129, 1055, '2007-09-06 10:00:00', 30),
   (145, 1081, '2007-09-10 13:00:00', 39),
   (162, 1112, '2007-09-08 11:30:00', 24),
   (129, 1055, '2007-09-05 13:00:00', 37),
   (145, 1081, '2007-09-09 13:00:00', 42),
   (162, 1112, '2007-09-07 11:30:00', 37),
   (129, 1055, '2007-09-08 10:00:00', 28),
   (162, 1112, '2007-09-06 12:30:00', 22),
   (129, 1055, '2007-09-07 10:00:00', 26),
   (162, 1112, '2007-09-05 17:00:00', 2),
   (101, 1007, '2007-09-05 17:00:00', 88),
   (101, 1007, '2007-09-06 09:00:00', 77),
   (101, 1007, '2007-09-06 19:00:00', 77),
   (101, 1007, '2007-09-07 02:00:00', 77),
   (101, 1007, '2007-09-07 03:00:00', 77),
   (101, 1007, '2007-09-07 04:00:00', 77),
   (101, 1007, '2007-09-07 05:00:00', 77),
   (101, 1007, '2007-09-07 06:00:00', 77),
   (101, 1007, '2007-09-07 07:00:00', 77),
   (101, 1007, '2007-09-07 08:00:00', 89),
   (101, 1007, '2007-09-07 09:00:00', 89),
   (101, 1007, '2007-09-07 10:00:00', 105),
   (101, 1007, '2007-09-07 12:00:00', 105),
   (101, 1007, '2007-09-07 15:00:00', 115),
   (101, 1007, '2007-09-07 18:00:00', 76),
   (101, 1007, '2007-09-07 21:00:00', 76),
   (101, 1007, '2007-09-08 00:00:00', 76),
   (101, 1007, '2007-09-08 03:00:00', 77),
   (101, 1007, '2007-09-08 06:00:00', 77),
   (101, 1007, '2007-09-08 09:00:00', 77),
   (101, 1007, '2007-09-08 11:00:00', 77),
   (101, 1007, '2007-09-08 17:00:00', 76),
   (101, 1007, '2007-09-08 23:00:00', 76),
   (101, 1007, '2007-09-09 07:00:00', 76),
   (101, 1007, '2007-09-09 15:00:00', 77),
   (101, 1007, '2007-09-09 23:00:00', 76),
   (101, 1007, '2007-09-10 07:00:00', 77),
   (101, 1007, '2007-09-10 15:00:00', 77),
   (101, 1007, '2007-09-10 22:00:00', 77),
   (101, 1009, '2007-09-05 17:00:00', 43),
   (101, 1009, '2007-09-06 09:00:00', 61),
   (101, 1009, '2007-09-06 19:00:00', 104),
   (101, 1009, '2007-09-07 02:00:00', 136),
   (101, 1009, '2007-09-07 03:00:00', 138),
   (101, 1009, '2007-09-07 04:00:00', 139),
   (101, 1009, '2007-09-07 05:00:00', 139),
   (101, 1009, '2007-09-07 06:00:00', 138),
   (101, 1009, '2007-09-07 07:00:00', 136),
   (101, 1009, '2007-09-07 08:00:00', 135),
   (101, 1009, '2007-09-07 09:00:00', 134),
   (101, 1009, '2007-09-07 10:00:00', 131),
   (101, 1009, '2007-09-07 12:00:00', 124),
   (101, 1009, '2007-09-07 15:00:00', 113),
   (101, 1009, '2007-09-07 18:00:00', 105),
   (101, 1009, '2007-09-07 21:00:00', 102),
   (101, 1009, '2007-09-08 00:00:00', 103),
   (101, 1009, '2007-09-08 03:00:00', 98),
   (101, 1009, '2007-09-08 06:00:00', 83),
   (101, 1009, '2007-09-08 09:00:00', 74),
   (101, 1009, '2007-09-08 11:00:00', 72),
   (101, 1009, '2007-09-08 17:00:00', 68),
   (101, 1009, '2007-09-08 23:00:00', 65),
   (101, 1009, '2007-09-09 07:00:00', 62),
   (101, 1009, '2007-09-09 15:00:00', 60),
   (101, 1009, '2007-09-09 22:00:00', 59),
   (101, 1009, '2007-09-10 07:00:00', 57),
   (101, 1009, '2007-09-10 15:00:00', 56),
   (101, 1009, '2007-09-10 22:00:00', 55),
   (101, 1015, '2007-09-05 17:00:00', 22),
   (101, 1015, '2007-09-06 09:00:00', 57),
   (101, 1015, '2007-09-06 19:00:00', 128),
   (101, 1015, '2007-09-07 02:00:00', 171),
   (101, 1015, '2007-09-07 03:00:00', 180),
   (101, 1015, '2007-09-07 04:00:00', 179),
   (101, 1015, '2007-09-07 05:00:00', 179),
   (101, 1015, '2007-09-07 06:00:00', 180),
   (101, 1015, '2007-09-07 07:00:00', 177),
   (101, 1015, '2007-09-07 08:00:00', 186),
   (101, 1015, '2007-09-07 09:00:00', 189),
   (101, 1015, '2007-09-07 10:00:00', 166),
   (101, 1015, '2007-09-07 12:00:00', 177),
   (101, 1015, '2007-09-07 15:00:00', 166),
   (101, 1015, '2007-09-07 18:00:00', 160),
   (101, 1015, '2007-09-07 21:00:00', 151),
   (101, 1015, '2007-09-08 00:00:00', 146),
   (101, 1015, '2007-09-08 03:00:00', 145),
   (101, 1015, '2007-09-08 06:00:00', 120),
   (101, 1015, '2007-09-08 09:00:00', 117),
   (101, 1015, '2007-09-08 11:00:00', 112),
   (101, 1015, '2007-09-08 17:00:00', 94),
   (101, 1015, '2007-09-08 23:00:00', 102),
   (101, 1015, '2007-09-09 07:00:00', 100),
   (101, 1015, '2007-09-09 15:00:00', 95),
   (101, 1015, '2007-09-09 22:00:00', 92),
   (101, 1015, '2007-09-10 07:00:00', 89),
   (101, 1015, '2007-09-10 15:00:00', 85),
   (101, 1015, '2007-09-10 22:00:00', 85),
   (101, 1168, '2007-09-05 17:00:00', 108),
   (101, 1168, '2007-09-06 09:00:00', 56),
   (101, 1168, '2007-09-06 19:00:00', 103),
   (101, 1168, '2007-09-07 02:00:00', 90),
   (101, 1168, '2007-09-07 03:00:00', 90),
   (101, 1168, '2007-09-07 04:00:00', 89),
   (101, 1168, '2007-09-07 05:00:00', 88),
   (101, 1168, '2007-09-07 06:00:00', 88),
   (101, 1168, '2007-09-07 07:00:00', 75),
   (101, 1168, '2007-09-07 08:00:00', 57),
   (101, 1168, '2007-09-07 09:00:00', 88),
   (101, 1168, '2007-09-07 10:00:00', 79),
   (101, 1168, '2007-09-07 12:00:00', 71),
   (101, 1168, '2007-09-07 15:00:00', 105),
   (101, 1168, '2007-09-07 18:00:00', 96),
   (101, 1168, '2007-09-07 21:00:00', 103),
   (101, 1168, '2007-09-08 00:00:00', 107),
   (101, 1168, '2007-09-08 03:00:00', 106),
   (101, 1168, '2007-09-08 06:00:00', 105),
   (101, 1168, '2007-09-08 09:00:00', 108),
   (101, 1168, '2007-09-08 11:00:00', 92),
   (101, 1168, '2007-09-08 17:00:00', 110),
   (101, 1168, '2007-09-08 23:00:00', 104),
   (101, 1168, '2007-09-09 07:00:00', 106),
   (101, 1168, '2007-09-09 15:00:00', 104),
   (101, 1168, '2007-09-09 22:00:00', 110),
   (101, 1168, '2007-09-10 07:00:00', 104),
   (101, 1168, '2007-09-10 15:00:00', 92),
   (101, 1168, '2007-09-10 22:00:00', 99),
   (102, 1004, '2007-09-07 02:00:00', 133),
   (102, 1004, '2007-09-07 03:00:00', 132),
   (102, 1004, '2007-09-07 04:00:00', 131),
   (102, 1004, '2007-09-07 05:00:00', 127),
   (102, 1004, '2007-09-07 06:00:00', 121),
   (102, 1005, '2007-09-07 02:00:00', 193),
   (102, 1005, '2007-09-07 03:00:00', 200),
   (102, 1005, '2007-09-07 04:00:00', 204),
   (102, 1005, '2007-09-07 05:00:00', 206),
   (102, 1005, '2007-09-07 06:00:00', 208),
   (102, 1005, '2007-09-07 07:00:00', 210),
   (102, 1005, '2007-09-07 08:00:00', 212),
   (102, 1005, '2007-09-07 09:00:00', 216),
   (102, 1005, '2007-09-07 10:00:00', 219),
   (102, 1005, '2007-09-07 12:00:00', 224),
   (102, 1005, '2007-09-07 15:00:00', 223),
   (102, 1005, '2007-09-07 18:00:00', 217),
   (102, 1005, '2007-09-07 21:00:00', 207),
   (105, 1010, '2007-09-06 09:00:00', 111),
   (105, 1010, '2007-09-06 19:00:00', 176),
   (105, 1010, '2007-09-07 02:00:00', 194),
   (105, 1010, '2007-09-07 03:00:00', 198),
   (105, 1010, '2007-09-07 04:00:00', 202),
   (105, 1010, '2007-09-07 05:00:00', 206),
   (105, 1010, '2007-09-07 06:00:00', 210),
   (105, 1010, '2007-09-07 07:00:00', 215),
   (105, 1010, '2007-09-07 08:00:00', 217),
   (105, 1010, '2007-09-07 09:00:00', 213),
   (105, 1010, '2007-09-07 10:00:00', 208),
   (105, 1010, '2007-09-07 12:00:00', 191),
   (105, 1010, '2007-09-07 15:00:00', 148),
   (105, 1010, '2007-09-07 18:00:00', 107),
   (106, 1011, '2007-09-06 16:00:00', 137),
   (106, 1011, '2007-09-07 02:00:00', 192),
   (106, 1011, '2007-09-07 04:00:00', 212),
   (106, 1011, '2007-09-07 05:00:00', 218),
   (106, 1011, '2007-09-07 06:00:00', 220),
   (106, 1011, '2007-09-07 07:00:00', 222),
   (106, 1011, '2007-09-07 08:00:00', 222),
   (106, 1011, '2007-09-07 09:00:00', 221),
   (106, 1011, '2007-09-07 10:00:00', 221),
   (106, 1011, '2007-09-07 12:00:00', 217),
   (106, 1011, '2007-09-07 15:00:00', 204),
   (106, 1011, '2007-09-07 18:00:00', 177),
   (106, 1011, '2007-09-07 21:00:00', 149),
   (106, 1011, '2007-09-08 00:00:00', 130),
   (106, 1011, '2007-09-08 03:00:00', 115),
   (106, 1014, '2007-09-07 06:00:00', 162),
   (106, 1014, '2007-09-07 07:00:00', 161),
   (106, 1014, '2007-09-07 08:00:00', 161),
   (106, 1014, '2007-09-07 09:00:00', 161),
   (106, 1014, '2007-09-07 10:00:00', 174),
   (106, 1014, '2007-09-07 12:00:00', 176),
   (106, 1014, '2007-09-07 15:00:00', 184),
   (106, 1014, '2007-09-07 18:00:00', 189),
   (106, 1014, '2007-09-07 21:00:00', 178),
   (106, 1014, '2007-09-08 00:00:00', 171),
   (106, 1014, '2007-09-08 03:00:00', 167),
   (106, 1014, '2007-09-08 06:00:00', 163),
   (106, 1014, '2007-09-08 09:00:00', 160),
   (107, 1013, '2007-09-07 05:00:00', 152),
   (107, 1013, '2007-09-07 06:00:00', 155),
   (107, 1013, '2007-09-07 07:00:00', 157),
   (107, 1013, '2007-09-07 08:00:00', 156),
   (107, 1013, '2007-09-07 09:00:00', 154),
   (107, 1013, '2007-09-07 10:00:00', 151),
   (108, 1016, '2007-09-07 02:00:00', 163),
   (108, 1016, '2007-09-07 03:00:00', 170),
   (108, 1016, '2007-09-07 04:00:00', 175),
   (108, 1016, '2007-09-07 05:00:00', 179),
   (108, 1016, '2007-09-07 06:00:00', 183),
   (108, 1016, '2007-09-07 07:00:00', 187),
   (108, 1016, '2007-09-07 08:00:00', 189),
   (108, 1016, '2007-09-07 09:00:00', 191),
   (108, 1016, '2007-09-07 10:00:00', 194),
   (108, 1016, '2007-09-07 12:00:00', 195),
   (108, 1016, '2007-09-07 15:00:00', 196),
   (108, 1016, '2007-09-07 18:00:00', 201),
   (108, 1016, '2007-09-07 21:00:00', 198),
   (108, 1016, '2007-09-08 00:00:00', 190),
   (108, 1016, '2007-09-08 03:00:00', 180),
   (108, 1016, '2007-09-08 06:00:00', 169),
   (108, 1016, '2007-09-08 09:00:00', 157),
   (108, 1016, '2007-09-08 11:00:00', 151),
   (108, 1017, '2007-09-08 09:00:00', 320),
   (108, 1017, '2007-09-08 11:00:00', 329),
   (108, 1017, '2007-09-08 17:00:00', 335),
   (108, 1017, '2007-09-08 23:00:00', 315),
   (111, 1032, '2007-09-07 07:00:00', 255),
   (111, 1032, '2007-09-07 08:00:00', 250),
   (111, 1032, '2007-09-07 09:00:00', 250),
   (111, 1125, '2007-09-06 19:00:00', 145),
   (111, 1126, '2007-09-06 19:00:00', 120),
   (111, 1126, '2007-09-07 02:00:00', 133),
   (111, 1126, '2007-09-07 03:00:00', 124),
   (114, 1028, '2007-09-06 19:00:00', 155),
   (114, 1028, '2007-09-07 02:00:00', 204),
   (114, 1028, '2007-09-07 03:00:00', 198),
   (114, 1028, '2007-09-07 04:00:00', 189),
   (114, 1028, '2007-09-07 05:00:00', 179),
   (114, 1028, '2007-09-07 06:00:00', 173),
   (114, 1028, '2007-09-07 07:00:00', 164),
   (114, 1028, '2007-09-07 08:00:00', 158),
   (114, 1028, '2007-09-07 10:00:00', 145),
   (114, 1028, '2007-09-07 12:00:00', 130),
   (114, 1029, '2007-09-06 19:00:00', 123),
   (114, 1029, '2007-09-07 02:00:00', 173),
   (114, 1029, '2007-09-07 03:00:00', 170),
   (114, 1029, '2007-09-07 04:00:00', 164),
   (114, 1029, '2007-09-07 05:00:00', 158),
   (114, 1029, '2007-09-07 06:00:00', 152),
   (114, 1029, '2007-09-07 07:00:00', 145),
   (114, 1029, '2007-09-07 08:00:00', 137),
   (114, 1029, '2007-09-07 09:00:00', 131),
   (114, 1029, '2007-09-07 10:00:00', 125),
   (114, 1029, '2007-09-07 12:00:00', 113),
   (118, 1036, '2007-09-05 17:00:00', 93),
   (118, 1036, '2007-09-06 09:00:00', 177),
   (118, 1036, '2007-09-06 19:00:00', 266),
   (118, 1036, '2007-09-07 02:00:00', 283),
   (118, 1036, '2007-09-07 03:00:00', 300),
   (118, 1036, '2007-09-07 04:00:00', 311),
   (118, 1036, '2007-09-07 05:00:00', 316),
   (118, 1036, '2007-09-07 06:00:00', 319),
   (118, 1036, '2007-09-07 07:00:00', 328),
   (118, 1036, '2007-09-07 08:00:00', 385),
   (118, 1036, '2007-09-07 09:00:00', 400),
   (118, 1036, '2007-09-07 10:00:00', 397),
   (118, 1036, '2007-09-07 12:00:00', 405),
   (118, 1036, '2007-09-07 15:00:00', 459),
   (118, 1036, '2007-09-07 18:00:00', 518),
   (118, 1036, '2007-09-07 21:00:00', 570),
   (118, 1036, '2007-09-08 00:00:00', 597),
   (118, 1036, '2007-09-08 03:00:00', 607),
   (118, 1036, '2007-09-08 06:00:00', 611),
   (118, 1036, '2007-09-08 09:00:00', 616),
   (118, 1036, '2007-09-08 11:00:00', 617),
   (118, 1036, '2007-09-08 16:00:00', 604),
   (118, 1036, '2007-09-08 23:00:00', 521),
   (118, 1036, '2007-09-09 07:00:00', 432),
   (118, 1036, '2007-09-09 15:00:00', 338),
   (118, 1036, '2007-09-09 22:00:00', 305),
   (118, 1036, '2007-09-10 06:00:00', 311),
   (118, 1036, '2007-09-10 15:00:00', 298),
   (118, 1036, '2007-09-10 22:00:00', 292),
   (118, 1102, '2007-09-05 17:00:00', 128),
   (118, 1102, '2007-09-06 09:00:00', 157),
   (118, 1102, '2007-09-06 19:00:00', 161),
   (118, 1102, '2007-09-07 02:00:00', 170),
   (118, 1102, '2007-09-07 03:00:00', 168),
   (118, 1102, '2007-09-07 04:00:00', 166),
   (118, 1102, '2007-09-07 05:00:00', 164),
   (118, 1102, '2007-09-07 06:00:00', 162),
   (118, 1102, '2007-09-07 07:00:00', 160),
   (118, 1102, '2007-09-07 08:00:00', 159),
   (118, 1102, '2007-09-07 09:00:00', 157),
   (118, 1102, '2007-09-07 10:00:00', 155),
   (118, 1102, '2007-09-07 12:00:00', 153),
   (118, 1102, '2007-09-07 15:00:00', 151),
   (118, 1102, '2007-09-07 18:00:00', 149),
   (118, 1102, '2007-09-07 21:00:00', 147),
   (118, 1102, '2007-09-08 00:00:00', 145),
   (118, 1102, '2007-09-08 03:00:00', 145),
   (118, 1102, '2007-09-08 06:00:00', 144),
   (118, 1102, '2007-09-08 09:00:00', 143),
   (118, 1102, '2007-09-08 11:00:00', 140),
   (118, 1102, '2007-09-08 17:00:00', 142),
   (118, 1102, '2007-09-08 23:00:00', 142),
   (118, 1102, '2007-09-09 07:00:00', 147),
   (118, 1102, '2007-09-09 15:00:00', 146),
   (118, 1102, '2007-09-09 22:00:00', 144),
   (118, 1102, '2007-09-10 07:00:00', 144),
   (118, 1102, '2007-09-10 15:00:00', 143),
   (118, 1102, '2007-09-10 22:00:00', 143),
   (118, 1103, '2007-09-05 13:00:00', 68),
   (118, 1103, '2007-09-06 07:00:00', 118),
   (118, 1103, '2007-09-06 19:00:00', 155),
   (118, 1103, '2007-09-07 07:00:00', 151),
   (118, 1103, '2007-09-07 12:00:00', 131),
   (118, 1103, '2007-09-07 15:00:00', 125),
   (118, 1103, '2007-09-07 18:00:00', 120),
   (118, 1103, '2007-09-07 21:00:00', 117),
   (118, 1103, '2007-09-08 00:00:00', 115),
   (118, 1103, '2007-09-08 03:00:00', 114),
   (118, 1103, '2007-09-08 06:00:00', 113),
   (118, 1103, '2007-09-08 09:00:00', 112),
   (118, 1103, '2007-09-08 11:00:00', 110),
   (118, 1103, '2007-09-08 17:00:00', 107),
   (118, 1103, '2007-09-08 23:00:00', 105),
   (118, 1103, '2007-09-09 07:00:00', 107),
   (118, 1103, '2007-09-09 15:00:00', 107),
   (118, 1103, '2007-09-09 22:00:00', 104),
   (118, 1103, '2007-09-10 07:00:00', 103),
   (118, 1103, '2007-09-10 15:00:00', 99),
   (118, 1103, '2007-09-10 22:00:00', 99),
   (118, 1106, '2007-09-05 13:00:00', 77),
   (118, 1106, '2007-09-06 07:00:00', 77),
   (118, 1106, '2007-09-06 19:00:00', 124),
   (118, 1106, '2007-09-07 07:00:00', 171),
   (118, 1106, '2007-09-07 12:00:00', 164),
   (118, 1106, '2007-09-07 15:00:00', 165),
   (118, 1106, '2007-09-07 18:00:00', 157),
   (118, 1106, '2007-09-07 21:00:00', 138),
   (118, 1106, '2007-09-08 00:00:00', 122),
   (118, 1106, '2007-09-08 03:00:00', 111),
   (118, 1106, '2007-09-08 06:00:00', 104),
   (118, 1106, '2007-09-08 09:00:00', 104),
   (118, 1106, '2007-09-08 11:00:00', 103),
   (118, 1106, '2007-09-08 17:00:00', 102),
   (118, 1106, '2007-09-08 23:00:00', 94),
   (118, 1106, '2007-09-09 07:00:00', 92),
   (118, 1106, '2007-09-09 15:00:00', 92),
   (118, 1106, '2007-09-09 22:00:00', 91),
   (118, 1106, '2007-09-10 07:00:00', 88),
   (118, 1106, '2007-09-10 15:00:00', 88),
   (118, 1106, '2007-09-10 22:00:00', 86),
   (118, 1109, '2007-09-05 13:00:00', 91),
   (118, 1109, '2007-09-06 07:00:00', 90),
   (118, 1109, '2007-09-06 19:00:00', 96),
   (118, 1109, '2007-09-07 07:00:00', 211),
   (118, 1109, '2007-09-07 12:00:00', 233),
   (118, 1109, '2007-09-07 15:00:00', 246),
   (118, 1109, '2007-09-07 18:00:00', 251),
   (118, 1109, '2007-09-07 21:00:00', 253),
   (118, 1109, '2007-09-08 00:00:00', 251),
   (118, 1109, '2007-09-08 03:00:00', 245),
   (118, 1109, '2007-09-08 06:00:00', 232),
   (118, 1109, '2007-09-08 09:00:00', 211),
   (118, 1109, '2007-09-08 11:00:00', 203),
   (118, 1109, '2007-09-08 17:00:00', 180),
   (118, 1109, '2007-09-08 23:00:00', 174),
   (118, 1109, '2007-09-09 07:00:00', 163),
   (118, 1109, '2007-09-09 15:00:00', 154),
   (118, 1109, '2007-09-09 22:00:00', 151),
   (118, 1109, '2007-09-10 07:00:00', 148),
   (118, 1109, '2007-09-10 15:00:00', 142),
   (118, 1109, '2007-09-10 22:00:00', 138),
   (118, 1191, '2007-09-05 17:00:00', 0),
   (118, 1191, '2007-09-06 09:00:00', 0),
   (118, 1191, '2007-09-06 19:00:00', 216),
   (118, 1191, '2007-09-07 02:00:00', 202),
   (118, 1191, '2007-09-07 03:00:00', 204),
   (118, 1191, '2007-09-07 04:00:00', 206),
   (118, 1191, '2007-09-07 05:00:00', 208),
   (118, 1191, '2007-09-07 06:00:00', 211),
   (118, 1191, '2007-09-07 07:00:00', 219),
   (118, 1191, '2007-09-07 08:00:00', 224),
   (118, 1191, '2007-09-07 09:00:00', 242),
   (118, 1191, '2007-09-07 10:00:00', 282),
   (118, 1191, '2007-09-07 12:00:00', 322),
   (118, 1191, '2007-09-07 15:00:00', 411),
   (118, 1191, '2007-09-07 18:00:00', 445),
   (118, 1191, '2007-09-07 21:00:00', 458),
   (118, 1191, '2007-09-08 00:00:00', 469),
   (118, 1191, '2007-09-08 03:00:00', 474),
   (118, 1191, '2007-09-08 06:00:00', 475),
   (118, 1191, '2007-09-08 09:00:00', 455),
   (118, 1191, '2007-09-08 11:00:00', 425),
   (118, 1191, '2007-09-08 16:00:00', 365),
   (118, 1191, '2007-09-08 23:00:00', 306),
   (118, 1191, '2007-09-09 07:00:00', 261),
   (118, 1191, '2007-09-09 15:00:00', 235),
   (118, 1191, '2007-09-09 22:00:00', 228),
   (118, 1191, '2007-09-10 06:00:00', 218),
   (118, 1191, '2007-09-10 15:00:00', 213),
   (118, 1191, '2007-09-10 22:00:00', 198),
   (118, 1193, '2007-09-05 17:00:00', 97),
   (118, 1193, '2007-09-06 09:00:00', 138),
   (118, 1193, '2007-09-06 19:00:00', 211),
   (118, 1193, '2007-09-07 02:00:00', 246),
   (118, 1193, '2007-09-07 03:00:00', 247),
   (118, 1193, '2007-09-07 04:00:00', 248),
   (118, 1193, '2007-09-07 05:00:00', 251),
   (118, 1193, '2007-09-07 06:00:00', 258),
   (118, 1193, '2007-09-07 07:00:00', 257),
   (118, 1193, '2007-09-07 08:00:00', 243),
   (118, 1193, '2007-09-07 09:00:00', 294),
   (118, 1193, '2007-09-07 10:00:00', 323),
   (118, 1193, '2007-09-07 12:00:00', 352),
   (118, 1193, '2007-09-07 15:00:00', 427),
   (118, 1193, '2007-09-07 18:00:00', 479),
   (118, 1193, '2007-09-07 21:00:00', 473),
   (118, 1193, '2007-09-08 00:00:00', 479),
   (118, 1193, '2007-09-08 03:00:00', 482),
   (118, 1193, '2007-09-08 06:00:00', 495),
   (118, 1193, '2007-09-08 09:00:00', 497),
   (118, 1193, '2007-09-08 11:00:00', 482),
   (118, 1193, '2007-09-08 16:00:00', 414),
   (118, 1193, '2007-09-08 23:00:00', 339),
   (118, 1193, '2007-09-09 07:00:00', 303),
   (118, 1193, '2007-09-09 15:00:00', 239),
   (118, 1193, '2007-09-09 22:00:00', 240),
   (118, 1193, '2007-09-10 06:00:00', 237),
   (118, 1193, '2007-09-10 15:00:00', 228),
   (118, 1193, '2007-09-10 22:00:00', 211),
   (119, 1037, '2007-09-05 17:00:00', 37),
   (119, 1037, '2007-09-06 09:00:00', 55),
   (119, 1037, '2007-09-06 19:00:00', 81),
   (119, 1037, '2007-09-07 02:00:00', 114),
   (119, 1037, '2007-09-07 03:00:00', 118),
   (119, 1037, '2007-09-07 04:00:00', 125),
   (119, 1037, '2007-09-07 05:00:00', 132),
   (119, 1037, '2007-09-07 06:00:00', 138),
   (119, 1037, '2007-09-07 07:00:00', 141),
   (119, 1037, '2007-09-07 08:00:00', 144),
   (119, 1037, '2007-09-07 09:00:00', 147),
   (119, 1037, '2007-09-07 10:00:00', 149),
   (119, 1037, '2007-09-07 12:00:00', 152),
   (119, 1037, '2007-09-07 15:00:00', 152),
   (119, 1037, '2007-09-07 18:00:00', 153),
   (119, 1037, '2007-09-07 21:00:00', 152),
   (119, 1037, '2007-09-08 00:00:00', 159),
   (119, 1037, '2007-09-08 03:00:00', 163),
   (119, 1037, '2007-09-08 06:00:00', 164),
   (119, 1037, '2007-09-08 09:00:00', 163),
   (119, 1037, '2007-09-08 11:00:00', 161),
   (119, 1037, '2007-09-08 16:00:00', 143),
   (119, 1037, '2007-09-08 23:00:00', 118),
   (119, 1037, '2007-09-09 07:00:00', 108),
   (119, 1037, '2007-09-09 15:00:00', 101),
   (119, 1037, '2007-09-09 22:00:00', 97),
   (119, 1037, '2007-09-10 06:00:00', 92),
   (119, 1037, '2007-09-10 15:00:00', 86),
   (119, 1037, '2007-09-10 22:00:00', 82),
   (119, 1039, '2007-09-05 17:00:00', 84),
   (119, 1039, '2007-09-06 09:00:00', 89),
   (119, 1039, '2007-09-06 19:00:00', 52),
   (119, 1039, '2007-09-07 02:00:00', 52),
   (119, 1039, '2007-09-07 03:00:00', 52),
   (119, 1039, '2007-09-07 04:00:00', 52),
   (119, 1039, '2007-09-07 05:00:00', 58),
   (119, 1039, '2007-09-07 06:00:00', 59),
   (119, 1039, '2007-09-07 07:00:00', 53),
   (119, 1039, '2007-09-07 08:00:00', 81),
   (119, 1039, '2007-09-07 09:00:00', 89),
   (119, 1039, '2007-09-07 10:00:00', 89),
   (119, 1039, '2007-09-07 12:00:00', 89),
   (119, 1039, '2007-09-07 15:00:00', 80),
   (119, 1039, '2007-09-07 18:00:00', 89),
   (119, 1039, '2007-09-07 21:00:00', 83),
   (119, 1039, '2007-09-08 00:00:00', 60),
   (119, 1039, '2007-09-08 03:00:00', 52),
   (119, 1039, '2007-09-08 06:00:00', 60),
   (119, 1039, '2007-09-08 09:00:00', 71),
   (119, 1039, '2007-09-08 11:00:00', 60),
   (119, 1039, '2007-09-08 16:00:00', 85),
   (119, 1039, '2007-09-08 23:00:00', 60),
   (119, 1039, '2007-09-09 07:00:00', 52),
   (119, 1039, '2007-09-09 15:00:00', 84),
   (119, 1039, '2007-09-09 22:00:00', 85),
   (119, 1039, '2007-09-10 06:00:00', 52),
   (119, 1039, '2007-09-10 15:00:00', 84),
   (119, 1039, '2007-09-10 22:00:00', 60),
   (119, 1040, '2007-09-05 13:00:00', 70),
   (119, 1040, '2007-09-06 07:00:00', 70),
   (119, 1040, '2007-09-06 19:00:00', 75),
   (119, 1041, '2007-09-05 17:00:00', 61),
   (119, 1041, '2007-09-06 09:00:00', 75),
   (119, 1041, '2007-09-06 19:00:00', 93),
   (119, 1041, '2007-09-07 02:00:00', 91),
   (119, 1041, '2007-09-07 03:00:00', 91),
   (119, 1041, '2007-09-07 04:00:00', 92),
   (119, 1041, '2007-09-07 05:00:00', 93),
   (119, 1041, '2007-09-07 06:00:00', 93),
   (119, 1041, '2007-09-07 07:00:00', 94),
   (119, 1041, '2007-09-07 08:00:00', 94),
   (119, 1041, '2007-09-07 09:00:00', 94),
   (119, 1041, '2007-09-07 10:00:00', 93),
   (119, 1041, '2007-09-07 12:00:00', 97),
   (119, 1041, '2007-09-07 15:00:00', 102),
   (119, 1041, '2007-09-07 18:00:00', 108),
   (119, 1041, '2007-09-07 21:00:00', 117),
   (119, 1041, '2007-09-08 00:00:00', 116),
   (119, 1041, '2007-09-08 03:00:00', 114),
   (119, 1041, '2007-09-08 06:00:00', 111),
   (119, 1041, '2007-09-08 09:00:00', 109),
   (119, 1041, '2007-09-08 11:00:00', 107),
   (119, 1041, '2007-09-08 16:00:00', 104),
   (119, 1041, '2007-09-08 23:00:00', 98),
   (119, 1041, '2007-09-09 07:00:00', 95),
   (119, 1041, '2007-09-09 15:00:00', 94),
   (119, 1041, '2007-09-09 22:00:00', 90),
   (119, 1041, '2007-09-10 06:00:00', 84),
   (119, 1041, '2007-09-10 15:00:00', 83),
   (119, 1041, '2007-09-10 22:00:00', 83),
   (119, 1195, '2007-09-05 17:00:00', 21.700001),
   (119, 1195, '2007-09-06 09:00:00', 84.900002),
   (119, 1195, '2007-09-06 21:00:00', 159),
   (119, 1195, '2007-09-06 23:00:00', 170),
   (119, 1195, '2007-09-07 00:00:00', 176.2),
   (119, 1195, '2007-09-07 01:00:00', 184.8),
   (119, 1195, '2007-09-07 03:00:00', 205.89999),
   (119, 1195, '2007-09-07 04:00:00', 214.89999),
   (119, 1195, '2007-09-07 05:00:00', 220.7),
   (119, 1195, '2007-09-07 06:00:00', 222.89999),
   (119, 1195, '2007-09-07 08:00:00', 223.39999),
   (119, 1195, '2007-09-07 09:00:00', 225.89999),
   (119, 1195, '2007-09-07 10:00:00', 233.10001),
   (119, 1195, '2007-09-07 12:00:00', 242),
   (119, 1195, '2007-09-07 15:00:00', 239.39999),
   (119, 1195, '2007-09-07 18:00:00', 213.8),
   (119, 1195, '2007-09-07 21:00:00', 179.39999),
   (119, 1195, '2007-09-08 00:00:00', 160.60001),
   (119, 1195, '2007-09-08 03:00:00', 145.3),
   (119, 1195, '2007-09-08 06:00:00', 136.2),
   (119, 1195, '2007-09-08 09:00:00', 127.9),
   (119, 1195, '2007-09-08 10:00:00', 127.3),
   (119, 1195, '2007-09-08 16:00:00', 116.7),
   (119, 1195, '2007-09-08 23:00:00', 108.4),
   (119, 1195, '2007-09-09 07:00:00', 101.8),
   (119, 1195, '2007-09-09 14:00:00', 96.099998),
   (119, 1195, '2007-09-09 22:00:00', 90.400002),
   (119, 1195, '2007-09-10 06:00:00', 84.5),
   (119, 1195, '2007-09-10 14:00:00', 80.099998),
   (119, 1195, '2007-09-10 22:00:00', 77.400002),
   (119, 1196, '2007-09-06 21:00:00', 182),
   (119, 1196, '2007-09-06 23:00:00', 197),
   (119, 1196, '2007-09-07 00:00:00', 204),
   (119, 1196, '2007-09-07 02:00:00', 218),
   (119, 1196, '2007-09-07 03:00:00', 223),
   (119, 1196, '2007-09-07 04:00:00', 228),
   (119, 1196, '2007-09-07 05:00:00', 231),
   (119, 1196, '2007-09-07 06:00:00', 234),
   (119, 1196, '2007-09-07 07:00:00', 237),
   (119, 1196, '2007-09-07 08:00:00', 240),
   (119, 1196, '2007-09-07 09:00:00', 242),
   (119, 1196, '2007-09-07 10:00:00', 244),
   (119, 1196, '2007-09-07 12:00:00', 246),
   (119, 1196, '2007-09-07 15:00:00', 249),
   (119, 1196, '2007-09-07 18:00:00', 259),
   (119, 1196, '2007-09-07 21:00:00', 274),
   (119, 1196, '2007-09-08 00:00:00', 278),
   (119, 1196, '2007-09-08 03:00:00', 281),
   (119, 1196, '2007-09-08 06:00:00', 279),
   (119, 1196, '2007-09-08 09:00:00', 266),
   (119, 1196, '2007-09-08 10:00:00', 259),
   (119, 1196, '2007-09-08 16:00:00', 214),
   (119, 1196, '2007-09-08 23:00:00', 192),
   (119, 1196, '2007-09-09 07:00:00', 180),
   (119, 1196, '2007-09-09 14:00:00', 173),
   (119, 1196, '2007-09-09 22:00:00', 167),
   (119, 1196, '2007-09-10 06:00:00', 159),
   (119, 1196, '2007-09-10 12:00:00', 155),
   (123, 1181, '2007-09-07 07:00:00', 120),
   (127, 1057, '2007-09-05 13:00:00', 65),
   (127, 1057, '2007-09-06 07:00:00', 65),
   (127, 1057, '2007-09-06 13:00:00', 64),
   (127, 1057, '2007-09-07 07:00:00', 61),
   (127, 1057, '2007-09-07 13:00:00', 60),
   (127, 1057, '2007-09-08 07:00:00', 59),
   (127, 1057, '2007-09-08 13:00:00', 58),
   (127, 1057, '2007-09-09 13:00:00', 64),
   (127, 1057, '2007-09-10 13:00:00', 63),
   (127, 1170, '2007-09-05 13:00:00', 188),
   (127, 1170, '2007-09-06 07:00:00', 188),
   (127, 1170, '2007-09-06 13:00:00', 188),
   (127, 1170, '2007-09-07 07:00:00', 229),
   (127, 1170, '2007-09-07 13:00:00', 227),
   (127, 1170, '2007-09-08 07:00:00', 240),
   (127, 1170, '2007-09-08 13:00:00', 239),
   (127, 1170, '2007-09-09 13:00:00', 212),
   (127, 1170, '2007-09-10 13:00:00', 224),
   (131, 1058, '2007-09-05 13:00:00', 30),
   (131, 1058, '2007-09-06 07:00:00', 34),
   (131, 1058, '2007-09-06 13:00:00', 95),
   (131, 1058, '2007-09-07 07:00:00', 83),
   (131, 1058, '2007-09-07 13:00:00', 49),
   (131, 1058, '2007-09-08 07:00:00', 41),
   (131, 1058, '2007-09-08 13:00:00', 42),
   (131, 1058, '2007-09-09 13:00:00', 45),
   (131, 1058, '2007-09-10 13:00:00', 42),
   (131, 1117, '2007-09-05 13:00:00', 79),
   (131, 1117, '2007-09-06 07:00:00', 78),
   (131, 1117, '2007-09-06 13:00:00', 77),
   (131, 1117, '2007-09-07 07:00:00', 162),
   (131, 1117, '2007-09-07 13:00:00', 163),
   (131, 1117, '2007-09-08 07:00:00', 106),
   (131, 1117, '2007-09-08 13:00:00', 92),
   (131, 1117, '2007-09-09 13:00:00', 93),
   (131, 1117, '2007-09-10 13:00:00', 89),
   (131, 1121, '2007-09-05 13:00:00', 57),
   (131, 1121, '2007-09-06 07:00:00', 55),
   (131, 1121, '2007-09-06 13:00:00', 58),
   (131, 1121, '2007-09-07 07:00:00', 148),
   (131, 1121, '2007-09-07 13:00:00', 141),
   (131, 1121, '2007-09-08 07:00:00', 85),
   (131, 1121, '2007-09-08 13:00:00', 73),
   (131, 1121, '2007-09-09 13:00:00', 69),
   (131, 1121, '2007-09-10 13:00:00', 71),
   (131, 1146, '2007-09-05 07:00:00', 112),
   (131, 1146, '2007-09-06 07:00:00', 111),
   (131, 1146, '2007-09-07 07:00:00', 145),
   (131, 1146, '2007-09-08 07:00:00', 98),
   (131, 1146, '2007-09-09 07:00:00', 114),
   (131, 1146, '2007-09-10 07:00:00', 119),
   (131, 1150, '2007-09-05 07:00:00', 127),
   (131, 1150, '2007-09-06 07:00:00', 128),
   (131, 1150, '2007-09-07 07:00:00', 176),
   (131, 1150, '2007-09-08 07:00:00', 146),
   (131, 1150, '2007-09-09 07:00:00', 152),
   (131, 1150, '2007-09-10 07:00:00', 130),
   (131, 1169, '2007-09-05 17:00:00', 253),
   (131, 1169, '2007-09-06 09:00:00', 251),
   (131, 1169, '2007-09-06 19:00:00', 249),
   (131, 1169, '2007-09-07 02:00:00', 243),
   (131, 1169, '2007-09-07 03:00:00', 244),
   (131, 1169, '2007-09-07 04:00:00', 248),
   (131, 1169, '2007-09-07 05:00:00', 250),
   (131, 1169, '2007-09-07 06:00:00', 251),
   (131, 1169, '2007-09-07 07:00:00', 251),
   (131, 1169, '2007-09-07 08:00:00', 264),
   (131, 1169, '2007-09-07 09:00:00', 274),
   (131, 1169, '2007-09-07 10:00:00', 281),
   (131, 1169, '2007-09-07 12:00:00', 281),
   (131, 1169, '2007-09-07 15:00:00', 273),
   (131, 1169, '2007-09-07 18:00:00', 277),
   (131, 1169, '2007-09-07 21:00:00', 279),
   (131, 1169, '2007-09-08 00:00:00', 271),
   (131, 1169, '2007-09-08 03:00:00', 259),
   (131, 1169, '2007-09-08 06:00:00', 260),
   (131, 1169, '2007-09-08 09:00:00', 255),
   (131, 1169, '2007-09-08 11:00:00', 258),
   (131, 1169, '2007-09-08 17:00:00', 249),
   (131, 1169, '2007-09-08 23:00:00', 256),
   (131, 1169, '2007-09-09 07:00:00', 250),
   (131, 1169, '2007-09-09 15:00:00', 252),
   (131, 1169, '2007-09-09 23:00:00', 246),
   (131, 1169, '2007-09-10 07:00:00', 248),
   (131, 1169, '2007-09-10 15:00:00', 251),
   (131, 1169, '2007-09-10 22:00:00', 250),
   (131, 1171, '2007-09-05 13:00:00', 156),
   (131, 1171, '2007-09-06 09:00:00', 157),
   (131, 1171, '2007-09-06 19:00:00', 163),
   (131, 1171, '2007-09-07 02:00:00', 167),
   (131, 1171, '2007-09-07 03:00:00', 167),
   (131, 1171, '2007-09-07 04:00:00', 174),
   (131, 1171, '2007-09-07 05:00:00', 193),
   (131, 1171, '2007-09-07 06:00:00', 212),
   (131, 1171, '2007-09-07 07:00:00', 215),
   (131, 1171, '2007-09-07 08:00:00', 201),
   (131, 1171, '2007-09-07 09:00:00', 193),
   (131, 1171, '2007-09-07 10:00:00', 211),
   (131, 1171, '2007-09-07 12:00:00', 216),
   (131, 1171, '2007-09-07 15:00:00', 223),
   (131, 1171, '2007-09-07 18:00:00', 305),
   (131, 1171, '2007-09-07 21:00:00', 294),
   (131, 1171, '2007-09-08 00:00:00', 276),
   (131, 1171, '2007-09-08 03:00:00', 278),
   (131, 1171, '2007-09-08 06:00:00', 277),
   (131, 1171, '2007-09-08 09:00:00', 265),
   (131, 1171, '2007-09-08 11:00:00', 226),
   (131, 1171, '2007-09-08 16:00:00', 221),
   (131, 1171, '2007-09-08 23:00:00', 191),
   (131, 1171, '2007-09-09 07:00:00', 190),
   (131, 1171, '2007-09-09 15:00:00', 190),
   (131, 1171, '2007-09-09 22:00:00', 191),
   (131, 1171, '2007-09-10 06:00:00', 205),
   (131, 1171, '2007-09-10 15:00:00', 198),
   (131, 1171, '2007-09-10 22:00:00', 197),
   (131, 1197, '2007-09-05 17:00:00', 129),
   (131, 1197, '2007-09-06 09:00:00', 135),
   (131, 1197, '2007-09-06 19:00:00', 135),
   (131, 1197, '2007-09-07 02:00:00', 134),
   (131, 1197, '2007-09-07 03:00:00', 134),
   (131, 1197, '2007-09-07 04:00:00', 135),
   (131, 1197, '2007-09-07 05:00:00', 136),
   (131, 1197, '2007-09-07 06:00:00', 137),
   (131, 1197, '2007-09-07 07:00:00', 138),
   (131, 1197, '2007-09-07 08:00:00', 145),
   (131, 1197, '2007-09-07 09:00:00', 154),
   (131, 1197, '2007-09-07 10:00:00', 167),
   (131, 1197, '2007-09-07 12:00:00', 175),
   (131, 1197, '2007-09-07 15:00:00', 183),
   (131, 1197, '2007-09-07 18:00:00', 195),
   (131, 1197, '2007-09-07 21:00:00', 262),
   (131, 1197, '2007-09-08 00:00:00', 267),
   (131, 1197, '2007-09-08 03:00:00', 256),
   (131, 1197, '2007-09-08 06:00:00', 254),
   (131, 1197, '2007-09-08 09:00:00', 253),
   (131, 1197, '2007-09-08 11:00:00', 251),
   (131, 1197, '2007-09-08 17:00:00', 201),
   (131, 1197, '2007-09-08 23:00:00', 190),
   (131, 1197, '2007-09-09 07:00:00', 165),
   (131, 1197, '2007-09-09 15:00:00', 163),
   (131, 1197, '2007-09-09 22:00:00', 164),
   (131, 1197, '2007-09-10 07:00:00', 177),
   (131, 1197, '2007-09-10 15:00:00', 173),
   (131, 1197, '2007-09-10 22:00:00', 172),
   (140, 1072, '2007-09-06 13:00:00', 97),
   (147, 1086, '2007-09-05 13:00:00', 76),
   (147, 1086, '2007-09-06 07:00:00', 89),
   (147, 1086, '2007-09-06 19:00:00', 120),
   (147, 1086, '2007-09-07 07:00:00', 211),
   (147, 1086, '2007-09-07 13:00:00', 250),
   (147, 1086, '2007-09-07 19:00:00', 246),
   (147, 1086, '2007-09-08 07:00:00', 203),
   (147, 1086, '2007-09-08 13:00:00', 185),
   (147, 1086, '2007-09-08 19:00:00', 171),
   (147, 1086, '2007-09-09 13:00:00', 146),
   (147, 1086, '2007-09-09 19:00:00', 139),
   (147, 1086, '2007-09-10 13:00:00', 126),
   (147, 1086, '2007-09-10 19:00:00', 123),
   (147, 1088, '2007-09-05 17:00:00', 116),
   (147, 1088, '2007-09-06 09:00:00', 188),
   (147, 1088, '2007-09-06 19:00:00', 218),
   (147, 1088, '2007-09-07 02:00:00', 234),
   (147, 1088, '2007-09-07 03:00:00', 244),
   (147, 1088, '2007-09-07 04:00:00', 250),
   (147, 1088, '2007-09-07 05:00:00', 262),
   (147, 1088, '2007-09-07 06:00:00', 279),
   (147, 1088, '2007-09-07 07:00:00', 299),
   (147, 1088, '2007-09-07 08:00:00', 320),
   (147, 1088, '2007-09-07 10:00:00', 348),
   (147, 1088, '2007-09-07 12:00:00', 374),
   (147, 1088, '2007-09-07 15:00:00', 395),
   (147, 1088, '2007-09-07 18:00:00', 408),
   (147, 1088, '2007-09-07 21:00:00', 417),
   (147, 1088, '2007-09-08 00:00:00', 420),
   (147, 1088, '2007-09-08 03:00:00', 424),
   (147, 1088, '2007-09-08 06:00:00', 425),
   (147, 1088, '2007-09-08 09:00:00', 422),
   (147, 1088, '2007-09-08 11:00:00', 416),
   (147, 1088, '2007-09-08 17:00:00', 397),
   (147, 1088, '2007-09-08 23:00:00', 377),
   (147, 1088, '2007-09-09 07:00:00', 347),
   (147, 1088, '2007-09-09 15:00:00', 324),
   (147, 1088, '2007-09-09 22:00:00', 307),
   (147, 1088, '2007-09-10 07:00:00', 287),
   (147, 1088, '2007-09-10 15:00:00', 269),
   (147, 1088, '2007-09-10 22:00:00', 251),
   (147, 1096, '2007-09-05 13:00:00', 23),
   (147, 1096, '2007-09-06 07:00:00', 139),
   (147, 1096, '2007-09-06 19:00:00', 185),
   (147, 1096, '2007-09-07 07:00:00', 311),
   (147, 1096, '2007-09-07 13:00:00', 430),
   (147, 1096, '2007-09-07 19:00:00', 444),
   (147, 1096, '2007-09-08 07:00:00', 450),
   (147, 1096, '2007-09-08 13:00:00', 435),
   (147, 1096, '2007-09-08 19:00:00', 413),
   (147, 1096, '2007-09-09 13:00:00', 342),
   (147, 1096, '2007-09-09 19:00:00', 319),
   (147, 1096, '2007-09-10 13:00:00', 244),
   (147, 1096, '2007-09-10 19:00:00', 228),
   (148, 1087, '2007-09-07 04:00:00', 103),
   (148, 1087, '2007-09-07 05:00:00', 122),
   (148, 1087, '2007-09-07 06:00:00', 130),
   (148, 1087, '2007-09-07 07:00:00', 136),
   (148, 1087, '2007-09-07 08:00:00', 148),
   (148, 1087, '2007-09-07 09:00:00', 160),
   (148, 1087, '2007-09-07 10:00:00', 170),
   (148, 1087, '2007-09-07 12:00:00', 168),
   (148, 1087, '2007-09-07 15:00:00', 156),
   (148, 1087, '2007-09-07 18:00:00', 138),
   (148, 1087, '2007-09-07 21:00:00', 137),
   (148, 1087, '2007-09-08 00:00:00', 120),
   (148, 1087, '2007-09-08 03:00:00', 107),
   (148, 1087, '2007-09-08 06:00:00', 100),
   (149, 1089, '2007-09-06 09:00:00', 122),
   (149, 1089, '2007-09-06 19:00:00', 155),
   (149, 1089, '2007-09-07 02:00:00', 188),
   (149, 1089, '2007-09-07 03:00:00', 174),
   (149, 1089, '2007-09-07 04:00:00', 166),
   (149, 1089, '2007-09-07 05:00:00', 157),
   (149, 1089, '2007-09-07 06:00:00', 151),
   (149, 1089, '2007-09-07 07:00:00', 145),
   (149, 1089, '2007-09-07 08:00:00', 140),
   (149, 1089, '2007-09-07 09:00:00', 136),
   (149, 1089, '2007-09-07 10:00:00', 132),
   (149, 1089, '2007-09-07 12:00:00', 126),
   (149, 1089, '2007-09-07 15:00:00', 120),
   (149, 1089, '2007-09-07 18:00:00', 116),
   (149, 1089, '2007-09-07 21:00:00', 111),
   (149, 1089, '2007-09-08 00:00:00', 110),
   (149, 1089, '2007-09-08 03:00:00', 114),
   (149, 1089, '2007-09-08 06:00:00', 114),
   (149, 1089, '2007-09-08 09:00:00', 111),
   (149, 1089, '2007-09-08 11:00:00', 109),
   (149, 1089, '2007-09-08 17:00:00', 106),
   (149, 1089, '2007-09-08 23:00:00', 104),
   (149, 1089, '2007-09-09 07:00:00', 104),
   (149, 1089, '2007-09-09 15:00:00', 102),
   (149, 1089, '2007-09-09 22:00:00', 100),
   (149, 1090, '2007-09-06 19:00:00', 133),
   (149, 1090, '2007-09-07 07:00:00', 230),
   (149, 1090, '2007-09-07 12:00:00', 186),
   (149, 1090, '2007-09-07 15:00:00', 157),
   (149, 1090, '2007-09-07 18:00:00', 141),
   (149, 1090, '2007-09-07 21:00:00', 129),
   (149, 1090, '2007-09-08 00:00:00', 121),
   (149, 1091, '2007-09-07 02:00:00', 248),
   (149, 1091, '2007-09-07 03:00:00', 254),
   (149, 1091, '2007-09-07 04:00:00', 257),
   (149, 1091, '2007-09-07 05:00:00', 263),
   (149, 1091, '2007-09-07 06:00:00', 272),
   (149, 1091, '2007-09-07 07:00:00', 281),
   (149, 1091, '2007-09-07 08:00:00', 291),
   (149, 1091, '2007-09-07 09:00:00', 330),
   (149, 1091, '2007-09-07 10:00:00', 373),
   (149, 1091, '2007-09-07 12:00:00', 403),
   (149, 1091, '2007-09-07 15:00:00', 412),
   (149, 1091, '2007-09-07 18:00:00', 401),
   (149, 1091, '2007-09-07 21:00:00', 379),
   (149, 1091, '2007-09-08 00:00:00', 354),
   (149, 1091, '2007-09-08 03:00:00', 333),
   (149, 1091, '2007-09-08 06:00:00', 317),
   (149, 1091, '2007-09-08 09:00:00', 305),
   (149, 1091, '2007-09-08 11:00:00', 298),
   (149, 1091, '2007-09-08 17:00:00', 291),
   (149, 1091, '2007-09-08 23:00:00', 276),
   (149, 1091, '2007-09-09 07:00:00', 252),
   (149, 1091, '2007-09-09 15:00:00', 236),
   (149, 1091, '2007-09-09 22:00:00', 224),
   (149, 1091, '2007-09-10 07:00:00', 213),
   (149, 1091, '2007-09-10 15:00:00', 205),
   (149, 1093, '2007-09-07 03:00:00', 213),
   (149, 1093, '2007-09-07 04:00:00', 217),
   (149, 1093, '2007-09-07 05:00:00', 221),
   (149, 1093, '2007-09-07 06:00:00', 224),
   (149, 1093, '2007-09-07 07:00:00', 228),
   (149, 1093, '2007-09-07 08:00:00', 233),
   (149, 1093, '2007-09-07 09:00:00', 237),
   (149, 1093, '2007-09-07 10:00:00', 240),
   (149, 1093, '2007-09-07 12:00:00', 245),
   (149, 1093, '2007-09-07 15:00:00', 252),
   (149, 1093, '2007-09-07 18:00:00', 256),
   (149, 1093, '2007-09-07 21:00:00', 304),
   (149, 1093, '2007-09-08 00:00:00', 370),
   (149, 1093, '2007-09-08 03:00:00', 409),
   (149, 1093, '2007-09-08 06:00:00', 405),
   (149, 1093, '2007-09-08 09:00:00', 387),
   (149, 1093, '2007-09-08 11:00:00', 373),
   (149, 1093, '2007-09-08 17:00:00', 339),
   (149, 1093, '2007-09-08 23:00:00', 317),
   (149, 1093, '2007-09-09 07:00:00', 297),
   (149, 1093, '2007-09-09 15:00:00', 274),
   (149, 1093, '2007-09-09 22:00:00', 243),
   (150, 1090, '2007-09-06 19:00:00', 190),
   (150, 1090, '2007-09-07 07:00:00', 232),
   (150, 1090, '2007-09-07 12:00:00', 206),
   (150, 1090, '2007-09-07 15:00:00', 198),
   (150, 1090, '2007-09-07 18:00:00', 193),
   (150, 1090, '2007-09-07 21:00:00', 179),
   (150, 1090, '2007-09-08 00:00:00', 173),
   (150, 1090, '2007-09-08 03:00:00', 175),
   (150, 1090, '2007-09-08 06:00:00', 171),
   (150, 1090, '2007-09-08 09:00:00', 164),
   (150, 1090, '2007-09-08 11:00:00', 158),
   (150, 1090, '2007-09-08 17:00:00', 150),
   (151, 1092, '2007-09-07 02:00:00', 160),
   (151, 1092, '2007-09-07 03:00:00', 168),
   (151, 1092, '2007-09-07 04:00:00', 171),
   (151, 1092, '2007-09-07 05:00:00', 172),
   (151, 1092, '2007-09-07 06:00:00', 172),
   (151, 1092, '2007-09-07 07:00:00', 173),
   (151, 1092, '2007-09-07 08:00:00', 174),
   (151, 1092, '2007-09-07 09:00:00', 181),
   (151, 1092, '2007-09-07 10:00:00', 190),
   (151, 1092, '2007-09-07 12:00:00', 202),
   (151, 1092, '2007-09-07 15:00:00', 191),
   (151, 1092, '2007-09-07 18:00:00', 174),
   (151, 1092, '2007-09-07 21:00:00', 161),
   (151, 1092, '2007-09-08 00:00:00', 151),
   (152, 1094, '2007-09-07 07:00:00', 324),
   (152, 1094, '2007-09-07 12:00:00', 326),
   (152, 1094, '2007-09-07 15:00:00', 313),
   (152, 1094, '2007-09-07 18:00:00', 316),
   (152, 1094, '2007-09-07 21:00:00', 324),
   (152, 1094, '2007-09-08 00:00:00', 297),
   (152, 1095, '2007-09-07 07:00:00', 291),
   (152, 1095, '2007-09-07 12:00:00', 371),
   (152, 1095, '2007-09-07 15:00:00', 360),
   (152, 1095, '2007-09-07 18:00:00', 339),
   (152, 1095, '2007-09-07 21:00:00', 341),
   (152, 1095, '2007-09-08 00:00:00', 319),
   (152, 1095, '2007-09-08 03:00:00', 277),
   (152, 1095, '2007-09-08 06:00:00', 246),
   (153, 1097, '2007-09-07 07:00:00', 315),
   (153, 1097, '2007-09-07 12:00:00', 267),
   (153, 1097, '2007-09-07 15:00:00', 250),
   (153, 1097, '2007-09-07 18:00:00', 244),
   (153, 1097, '2007-09-07 21:00:00', 235),
   (153, 1097, '2007-09-08 00:00:00', 232),
   (153, 1098, '2007-09-07 07:00:00', 399),
   (153, 1098, '2007-09-07 12:00:00', 376),
   (153, 1098, '2007-09-07 15:00:00', 338),
   (153, 1098, '2007-09-07 18:00:00', 349),
   (153, 1098, '2007-09-07 21:00:00', 346),
   (153, 1098, '2007-09-08 00:00:00', 315),
   (153, 1098, '2007-09-08 03:00:00', 300),
   (153, 1098, '2007-09-08 06:00:00', 289),
   (153, 1099, '2007-09-07 07:00:00', 331),
   (153, 1099, '2007-09-07 12:00:00', 430),
   (153, 1099, '2007-09-07 15:00:00', 508),
   (153, 1099, '2007-09-07 18:00:00', 520),
   (153, 1099, '2007-09-07 21:00:00', 502),
   (153, 1099, '2007-09-08 00:00:00', 501),
   (153, 1099, '2007-09-08 03:00:00', 480),
   (153, 1099, '2007-09-08 06:00:00', 434),
   (153, 1099, '2007-09-08 09:00:00', 400),
   (153, 1099, '2007-09-08 11:00:00', 381),
   (153, 1099, '2007-09-08 17:00:00', 317),
   (155, 1100, '2007-09-06 19:00:00', 248),
   (155, 1100, '2007-09-07 02:00:00', 370),
   (155, 1100, '2007-09-07 03:00:00', 355),
   (155, 1100, '2007-09-07 04:00:00', 364),
   (155, 1100, '2007-09-07 05:00:00', 360),
   (155, 1100, '2007-09-07 06:00:00', 350),
   (155, 1100, '2007-09-07 07:00:00', 340),
   (155, 1100, '2007-09-07 08:00:00', 329),
   (155, 1100, '2007-09-07 09:00:00', 313),
   (155, 1100, '2007-09-07 10:00:00', 301),
   (155, 1100, '2007-09-07 12:00:00', 281),
   (155, 1100, '2007-09-07 15:00:00', 257),
   (155, 1100, '2007-09-07 18:00:00', 240),
   (155, 1100, '2007-09-07 21:00:00', 227),
   (155, 1100, '2007-09-08 00:00:00', 219),
   (155, 1100, '2007-09-08 03:00:00', 214),
   (155, 1100, '2007-09-08 06:00:00', 207),
   (155, 1100, '2007-09-08 09:00:00', 199),
   (155, 1100, '2007-09-08 11:00:00', 194),
   (156, 1101, '2007-09-06 07:00:00', 199),
   (156, 1101, '2007-09-06 19:00:00', 249),
   (156, 1101, '2007-09-07 07:00:00', 214),
   (156, 1101, '2007-09-07 13:00:00', 192),
   (156, 1101, '2007-09-07 19:00:00', 182),
   (156, 1101, '2007-09-08 07:00:00', 177),
   (157, 1104, '2007-09-07 02:00:00', 196),
   (157, 1104, '2007-09-07 03:00:00', 187),
   (157, 1104, '2007-09-07 04:00:00', 174),
   (159, 1107, '2007-09-07 07:00:00', 188),
   (159, 1107, '2007-09-07 12:00:00', 178),
   (159, 1107, '2007-09-07 15:00:00', 171),
   (161, 1110, '2007-09-07 07:00:00', 286),
   (161, 1110, '2007-09-07 08:00:00', 310),
   (161, 1110, '2007-09-07 09:00:00', 320),
   (161, 1110, '2007-09-07 10:00:00', 327),
   (161, 1110, '2007-09-07 12:00:00', 348),
   (161, 1110, '2007-09-07 15:00:00', 380),
   (161, 1110, '2007-09-07 18:00:00', 401),
   (161, 1110, '2007-09-07 21:00:00', 355),
   (161, 1110, '2007-09-08 00:00:00', 309),
   (161, 1110, '2007-09-08 03:00:00', 272),
   (161, 1111, '2007-09-07 12:00:00', 405),
   (161, 1111, '2007-09-07 15:00:00', 452),
   (161, 1111, '2007-09-07 18:00:00', 486),
   (161, 1111, '2007-09-07 21:00:00', 508),
   (161, 1111, '2007-09-08 00:00:00', 501),
   (161, 1111, '2007-09-08 03:00:00', 447),
   (161, 1111, '2007-09-08 06:00:00', 376),
   (163, 1113, '2007-09-08 09:00:00', 72),
   (163, 1113, '2007-09-08 11:00:00', 71),
   (169, 1123, '2007-09-06 19:00:00', 126),
   (170, 1124, '2007-09-06 19:00:00', 111),
   (176, 1136, '2007-09-05 13:00:00', 102),
   (176, 1136, '2007-09-06 07:00:00', 102),
   (176, 1136, '2007-09-06 19:00:00', 101),
   (176, 1136, '2007-09-07 07:00:00', 107),
   (176, 1136, '2007-09-07 13:00:00', 123),
   (176, 1136, '2007-09-07 19:00:00', 135),
   (176, 1136, '2007-09-08 07:00:00', 122),
   (176, 1136, '2007-09-08 13:00:00', 129),
   (176, 1136, '2007-09-08 19:00:00', 117),
   (176, 1136, '2007-09-09 13:00:00', 111),
   (176, 1136, '2007-09-09 19:00:00', 112),
   (176, 1136, '2007-09-10 13:00:00', 117),
   (176, 1136, '2007-09-10 19:00:00', 114),
   (176, 1142, '2007-09-05 13:00:00', 27),
   (176, 1142, '2007-09-06 07:00:00', 34),
   (176, 1142, '2007-09-06 19:00:00', 30),
   (176, 1142, '2007-09-07 07:00:00', 31),
   (176, 1142, '2007-09-07 13:00:00', 36),
   (176, 1142, '2007-09-07 19:00:00', 37),
   (176, 1142, '2007-09-08 07:00:00', 51),
   (176, 1142, '2007-09-08 13:00:00', 48),
   (176, 1142, '2007-09-08 19:00:00', 47),
   (176, 1142, '2007-09-09 13:00:00', 37),
   (176, 1142, '2007-09-09 19:00:00', 37),
   (176, 1142, '2007-09-10 13:00:00', 38),
   (176, 1142, '2007-09-10 19:00:00', 40),
   (176, 1164, '2007-09-05 17:00:00', 109),
   (176, 1164, '2007-09-06 09:00:00', 119),
   (176, 1164, '2007-09-06 19:00:00', 125),
   (176, 1164, '2007-09-07 02:00:00', 121),
   (176, 1164, '2007-09-07 03:00:00', 121),
   (176, 1164, '2007-09-07 04:00:00', 121),
   (176, 1164, '2007-09-07 05:00:00', 121),
   (176, 1164, '2007-09-07 06:00:00', 121),
   (176, 1164, '2007-09-07 07:00:00', 121),
   (176, 1164, '2007-09-07 08:00:00', 121),
   (176, 1164, '2007-09-07 09:00:00', 121),
   (176, 1164, '2007-09-07 10:00:00', 121),
   (176, 1164, '2007-09-07 12:00:00', 121),
   (176, 1164, '2007-09-07 15:00:00', 120),
   (176, 1164, '2007-09-07 18:00:00', 118),
   (176, 1164, '2007-09-07 21:00:00', 120),
   (176, 1164, '2007-09-08 00:00:00', 123),
   (176, 1164, '2007-09-08 03:00:00', 126),
   (176, 1164, '2007-09-08 06:00:00', 129),
   (176, 1164, '2007-09-08 09:00:00', 133),
   (176, 1164, '2007-09-08 11:00:00', 136),
   (176, 1164, '2007-09-08 17:00:00', 136),
   (176, 1164, '2007-09-08 23:00:00', 134),
   (176, 1164, '2007-09-09 07:00:00', 134),
   (176, 1164, '2007-09-09 15:00:00', 132),
   (176, 1164, '2007-09-09 22:00:00', 128),
   (176, 1164, '2007-09-10 07:00:00', 126),
   (176, 1164, '2007-09-10 15:00:00', 126),
   (176, 1164, '2007-09-10 22:00:00', 126),
   (180, 1143, '2007-09-06 13:00:00', 115),
   (180, 1143, '2007-09-07 07:00:00', 171),
   (180, 1143, '2007-09-07 13:00:00', 140),
   (187, 1160, '2007-09-07 07:00:00', 82),
   (194, 1189, '2007-09-07 07:00:00', 294),
   (194, 1189, '2007-09-07 12:00:00', 295),
   (195, 1190, '2007-09-07 07:00:00', 281),
   (195, 1190, '2007-09-07 13:00:00', 254),
   (195, 1190, '2007-09-07 19:00:00', 222);


ALTER TABLE ONLY vodocty
    ADD CONSTRAINT vodocty_pkey PRIMARY KEY (tok_id, stanice_id, cas);


ALTER TABLE ONLY vodocty
    ADD CONSTRAINT vodocty_stanice_id_fkey
    FOREIGN KEY (stanice_id) REFERENCES stanice(id);


ALTER TABLE ONLY vodocty
    ADD CONSTRAINT vodocty_tok_id_fkey FOREIGN KEY (tok_id) REFERENCES toky(id);

COMMIT;
